{"id":9944,"date":"2026-05-04T14:58:40","date_gmt":"2026-05-04T12:58:40","guid":{"rendered":"https:\/\/trema.hr\/?page_id=9944"},"modified":"2026-05-04T16:12:32","modified_gmt":"2026-05-04T14:12:32","slug":"projekti-2-2","status":"publish","type":"page","link":"https:\/\/trema.hr\/?page_id=9944","title":{"rendered":"Upisi 2026.\/2027."},"content":{"rendered":"\n<p class=\"has-black-color has-pale-ocean-gradient-background has-text-color has-background has-medium-font-size\"><a href=\"https:\/\/trema.hr\/wp-content\/uploads\/2026\/05\/lekat-za-osmase.pdf\" target=\"_blank\" rel=\"noreferrer noopener\">LETAK ZA OSMA\u0160E<\/a><\/p>\n\n\n\n<p class=\"has-black-color has-pale-ocean-gradient-background has-text-color has-background has-medium-font-size\"><a href=\"https:\/\/trema.hr\/wp-content\/uploads\/2026\/05\/BROSURA-2026.-III.-gimnazija.pdf\">BRO\u0160URA<\/a><\/p>\n\n\n\n<div class=\"wp-block-group\"><div class=\"wp-block-group__inner-container is-layout-constrained wp-block-group-is-layout-constrained\">\n<div class=\"wp-block-columns alignwide are-vertically-aligned-top is-layout-flex wp-container-core-columns-is-layout-9d6595d7 wp-block-columns-is-layout-flex\">\n<div class=\"wp-block-column is-vertically-aligned-top is-layout-flow wp-block-column-is-layout-flow\" style=\"flex-basis:100%\">\n<div class=\"wp-block-group is-vertical is-layout-flex wp-container-core-group-is-layout-8cf370e7 wp-block-group-is-layout-flex\">\n<p class=\"has-black-color has-pale-ocean-gradient-background has-text-color has-background has-medium-font-size\">Poveznice na Pravilnik o elementima i kriterijima za izbor kandidata za upis u I. razred srednje \u0161kole: <\/p>\n\n\n\n<div class=\"wp-block-group has-black-color has-pale-ocean-gradient-background has-text-color has-background has-medium-font-size\"><div class=\"wp-block-group__inner-container is-layout-constrained wp-block-group-is-layout-constrained\">\n<p class=\"has-small-font-size\"><a href=\"https:\/\/narodne-novine.nn.hr\/clanci\/sluzbeni\/2015_05_49_981.html\">https:\/\/narodne-novine.nn.hr\/clanci\/sluzbeni\/2015_05_49_981.html<\/a><\/p>\n\n\n\n<p class=\"has-small-font-size\"><\/p>\n<\/div><\/div>\n<\/div>\n<\/div>\n<\/div>\n<\/div><\/div>\n\n\n\n<p><\/p>\n","protected":false},"excerpt":{"rendered":"<p>LETAK ZA OSMA\u0160E BRO\u0160URA Poveznice na Pravilnik o elementima i kriterijima za izbor kandidata za upis u I. razred srednje \u0161kole: https:\/\/narodne-novine.nn.hr\/clanci\/sluzbeni\/2015_05_49_981.html<\/p>\n","protected":false},"author":1,"featured_media":0,"parent":0,"menu_order":0,"comment_status":"closed","ping_status":"closed","template":"","meta":{"footnotes":""},"class_list":["post-9944","page","type-page","status-publish","hentry"],"_links":{"self":[{"href":"https:\/\/trema.hr\/index.php?rest_route=\/wp\/v2\/pages\/9944","targetHints":{"allow":["GET"]}}],"collection":[{"href":"https:\/\/trema.hr\/index.php?rest_route=\/wp\/v2\/pages"}],"about":[{"href":"https:\/\/trema.hr\/index.php?rest_route=\/wp\/v2\/types\/page"}],"author":[{"embeddable":true,"href":"https:\/\/trema.hr\/index.php?rest_route=\/wp\/v2\/users\/1"}],"replies":[{"embeddable":true,"href":"https:\/\/trema.hr\/index.php?rest_route=%2Fwp%2Fv2%2Fcomments&post=9944"}],"version-history":[{"count":5,"href":"https:\/\/trema.hr\/index.php?rest_route=\/wp\/v2\/pages\/9944\/revisions"}],"predecessor-version":[{"id":9955,"href":"https:\/\/trema.hr\/index.php?rest_route=\/wp\/v2\/pages\/9944\/revisions\/9955"}],"wp:attachment":[{"href":"https:\/\/trema.hr\/index.php?rest_route=%2Fwp%2Fv2%2Fmedia&parent=9944"}],"curies":[{"name":"wp","href":"https:\/\/api.w.org\/{rel}","templated":true}]}}