{"id":9811,"date":"2026-04-17T11:53:12","date_gmt":"2026-04-17T09:53:12","guid":{"rendered":"https:\/\/trema.hr\/?page_id=9811"},"modified":"2026-04-17T11:56:10","modified_gmt":"2026-04-17T09:56:10","slug":"klub-drustvenih-igara","status":"publish","type":"page","link":"https:\/\/trema.hr\/?page_id=9811","title":{"rendered":"Klub dru\u0161tvenih igara"},"content":{"rendered":"\n<p>U na\u0161oj \u0161koli pokrenut je Klub dru\u0161tvenih igara \u2013 mjesto okupljanja svih u\u010denika od 1. do 4. razreda koji \u017eele kvalitetno provoditi slobodno vrijeme, upoznati vr\u0161njake sli\u010dnih interesa i razvijati svoje vje\u0161tine kroz igru i dru\u017eenje.<\/p>\n\n\n\n<p>Kroz raznolike aktivnosti poput igranja dru\u0161tvenih igara, pub kvizova, tematskih kinove\u010deri, kreativnih radionica i \u201eescape room\u201c izazova, u\u010denici razvijaju socijalne i komunikacijske vje\u0161tine, kriti\u010dko mi\u0161ljenje, timski rad i kreativnost. Klub pru\u017ea sigurno i poticajno okru\u017eenje koje doprinosi mentalnom zdravlju, ja\u010danju samopouzdanja i osje\u0107aja pripadnosti \u0161koli.<\/p>\n\n\n\n<p>Susreti se odr\u017eavaju jednom tjedno u poslijepodnevnim satima, a aktivnosti su prilago\u0111ene interesima u\u010denika \u2013 od strate\u0161kih i edukativnih igara do zabavnih i interaktivnih izazova.<\/p>\n\n\n\n<p><\/p>\n\n\n\n<figure class=\"wp-block-gallery has-nested-images columns-default is-cropped wp-block-gallery-1 is-layout-flex wp-block-gallery-is-layout-flex\">\n<figure class=\"wp-block-image size-large\"><img loading=\"lazy\" decoding=\"async\" width=\"1024\" height=\"1024\" data-id=\"9813\" src=\"https:\/\/trema.hr\/wp-content\/uploads\/2026\/04\/WhatsApp-Image-2026-04-17-at-11.22.52-AM-1024x1024.jpeg\" alt=\"\" class=\"wp-image-9813\" srcset=\"https:\/\/trema.hr\/wp-content\/uploads\/2026\/04\/WhatsApp-Image-2026-04-17-at-11.22.52-AM-1024x1024.jpeg 1024w, https:\/\/trema.hr\/wp-content\/uploads\/2026\/04\/WhatsApp-Image-2026-04-17-at-11.22.52-AM-300x300.jpeg 300w, https:\/\/trema.hr\/wp-content\/uploads\/2026\/04\/WhatsApp-Image-2026-04-17-at-11.22.52-AM-150x150.jpeg 150w\" sizes=\"auto, (max-width: 1024px) 100vw, 1024px\" \/><\/figure>\n<\/figure>\n","protected":false},"excerpt":{"rendered":"<p>Tra\u017ei\u0161 ekipu, zabavu i malo odmora od ekrana? Pridru\u017ei se Klubu dru\u0161tvenih igara!<\/p>\n","protected":false},"author":1,"featured_media":9812,"parent":0,"menu_order":0,"comment_status":"closed","ping_status":"closed","template":"","meta":{"footnotes":""},"class_list":["post-9811","page","type-page","status-publish","has-post-thumbnail","hentry"],"_links":{"self":[{"href":"https:\/\/trema.hr\/index.php?rest_route=\/wp\/v2\/pages\/9811","targetHints":{"allow":["GET"]}}],"collection":[{"href":"https:\/\/trema.hr\/index.php?rest_route=\/wp\/v2\/pages"}],"about":[{"href":"https:\/\/trema.hr\/index.php?rest_route=\/wp\/v2\/types\/page"}],"author":[{"embeddable":true,"href":"https:\/\/trema.hr\/index.php?rest_route=\/wp\/v2\/users\/1"}],"replies":[{"embeddable":true,"href":"https:\/\/trema.hr\/index.php?rest_route=%2Fwp%2Fv2%2Fcomments&post=9811"}],"version-history":[{"count":2,"href":"https:\/\/trema.hr\/index.php?rest_route=\/wp\/v2\/pages\/9811\/revisions"}],"predecessor-version":[{"id":9816,"href":"https:\/\/trema.hr\/index.php?rest_route=\/wp\/v2\/pages\/9811\/revisions\/9816"}],"wp:featuredmedia":[{"embeddable":true,"href":"https:\/\/trema.hr\/index.php?rest_route=\/wp\/v2\/media\/9812"}],"wp:attachment":[{"href":"https:\/\/trema.hr\/index.php?rest_route=%2Fwp%2Fv2%2Fmedia&parent=9811"}],"curies":[{"name":"wp","href":"https:\/\/api.w.org\/{rel}","templated":true}]}}