{"id":98,"date":"2016-10-17T13:29:16","date_gmt":"2016-10-17T13:29:16","guid":{"rendered":"http:\/\/www.demo.acmethemes.com\/education-base\/?page_id=19"},"modified":"2020-06-04T10:24:21","modified_gmt":"2020-06-04T08:24:21","slug":"mathematics","status":"publish","type":"page","link":"https:\/\/trema.hr\/?page_id=98","title":{"rendered":"Matematika"},"content":{"rendered":"<p align=\"justify\"><a name=\"_GoBack\"><\/a> \u2026\u00a0<span style=\"font-family: Times New Roman, serif;\"><span style=\"font-size: medium;\"><span style=\"font-size: large;\"><span lang=\"hr-HR\"><i>Kao iznenadni bljesak munje, zagonetka je rije\u0161ena.<\/i><\/span><\/span><span style=\"font-size: large;\">\u00a0<\/span><span style=\"font-size: large;\"><span lang=\"hr-HR\"><i>Nisam u stanju re\u0107i \u0161to je bila nit koja je povezala ono \u0161to sam od prije znao s onim \u0161to je u\u010dinilo moj uspjeh mogu\u0107im\u2026<\/i><\/span><\/span><span style=\"font-size: large;\">\u00a0<\/span><\/span><\/span><\/p>\n<p align=\"justify\">\u00a0 \u00a0 \u00a0 \u00a0 \u00a0 \u00a0 \u00a0 \u00a0 \u00a0 \u00a0 \u00a0 <span style=\"font-family: Times New Roman, serif;\"><span style=\"font-size: medium;\"><span style=\"font-size: large;\"><span lang=\"hr-HR\"><i>( iz\u00a0<\/i><\/span><\/span><span style=\"font-size: large;\"><span lang=\"hr-HR\"><i>Gaussova<\/i><\/span><\/span><span style=\"font-size: large;\"><span lang=\"hr-HR\"><i>\u00a0pisma Loba\u010devskom)<\/i><\/span><\/span><span style=\"font-size: large;\">\u00a0<\/span><\/span><\/span><\/p>\n<p align=\"justify\"><span style=\"font-family: Times New Roman, serif;\"><span style=\"font-size: medium;\"><span style=\"font-size: large;\"><span lang=\"hr-HR\"><i>Karl .mFriedrich Gauss, <\/i><\/span><\/span><span style=\"font-size: large;\"><span lang=\"hr-HR\"><i>princeps<\/i><\/span><\/span><span style=\"font-size: large;\"><span lang=\"hr-HR\"><i>\u00a0<\/i><\/span><\/span><span style=\"font-size: large;\"><span lang=\"hr-HR\"><i>mathematicorum<\/i><\/span><\/span><span style=\"font-size: large;\"><span lang=\"hr-HR\"><i>, 1777. &#8211; 1855.<\/i><\/span><\/span><span style=\"font-size: large;\">\u00a0<\/span><\/span><\/span><\/p>\n<p align=\"justify\"><span style=\"font-family: Times New Roman, serif;\"><span style=\"font-size: medium;\"><span style=\"font-size: large;\"><span lang=\"hr-HR\">Svatko tko matematiku razumije, voli i \u0161tuje, tko je osjetio onaj sjajni trenutak kona\u010dnog rje\u0161enja, zadovoljstva nakon dugog tra\u017eenja, prepoznat \u0107e se u ovom tekstu.<\/span><\/span><span style=\"font-size: large;\">\u00a0<\/span><\/span><\/span><\/p>\n<p align=\"justify\"><span style=\"font-family: Times New Roman, serif;\"><span style=\"font-size: medium;\"><span style=\"font-size: large;\"><span lang=\"hr-HR\">Svatko tko \u010dita ove retke, bilo da se ve\u0107 zarazio, ili tek \u017eeli postati u\u010denikom ove \u0161kole, tko \u017eeli razumjeti svijet, zna da \u0107e otkrivaju\u0107i njene tajne, ljepotu i simetriju prona\u0107i njene tragove svuda oko sebe.<\/span><\/span><span style=\"font-size: large;\">\u00a0<\/span><\/span><\/span><\/p>\n<p align=\"justify\"><span style=\"font-family: Times New Roman, serif;\"><span style=\"font-size: medium;\"><span style=\"font-size: large;\"><span lang=\"hr-HR\">U\u010deni\u010de, matematika te okru\u017euje, u svakom trenutku, u svakom danu!<\/span><\/span><span style=\"font-size: large;\">\u00a0<\/span><span style=\"font-size: large;\"><span lang=\"hr-HR\">U sa\u010dama p\u010dela, u laticama cvije\u0107a&#8230; na\u0107i \u0107e\u0161\u00a0<\/span><\/span><span style=\"font-size: large;\"><span lang=\"hr-HR\">Fibonaccijev<\/span><\/span><span style=\"font-size: large;\"><span lang=\"hr-HR\">\u00a0niz. U dimenzijama vrata i prozora, u konturama savr\u0161eno lijepog lica i mjerama tijela krije se zlatni rez, a u harmoniji glazbe graf funkcije sinus.<\/span><\/span><span style=\"font-size: large;\">\u00a0<\/span><\/span><\/span><\/p>\n<p align=\"justify\"><span style=\"font-family: Times New Roman, serif;\"><span style=\"font-size: medium;\"><span style=\"font-size: large;\"><span lang=\"hr-HR\">U na\u0161oj \u0161koli u\u010dit \u0107e te u\u010ditelji koji vjeruju u u\u010denikove sposobnosti i u njegov kona\u010dni uspjeh, koji na tradiciji gimnazije \u0106iro Gamulin i Matemati\u010dko-informati\u010dkog obrazovnog centra (MIOC) provode modernu, dinami\u010dnu nastavu matematike usmjerenu prema\u00a0pojedincu.<\/span><\/span><span style=\"font-size: large;\">\u00a0<\/span><\/span><\/span><\/p>\n<p align=\"justify\"><span style=\"font-family: Times New Roman, serif;\"><span style=\"font-size: medium;\"><span style=\"font-size: large;\"><span lang=\"hr-HR\">Na\u0161i u\u010denici odlaze na dr\u017eavna natjecanja i olimpijade, posti\u017eu\u00a0100%-<\/span><\/span><span style=\"font-size: large;\"><span lang=\"hr-HR\">tne<\/span><\/span><span style=\"font-size: large;\"><span lang=\"hr-HR\">\u00a0rezultate na dr\u017eavnim maturama, upisuju s lako\u0107om\u00a0fakultete primarnog izbora, sudjeluju na Zlatnoj ve\u010deri matematike, sura\u0111uju na mnogim projektima, plesom rje\u0161avaju kombinatoriku i, u kona\u010dnici, vole i \u017eive matematiku.<\/span><\/span><span style=\"font-size: large;\">\u00a0<\/span><\/span><\/span><\/p>\n<p align=\"justify\"><span style=\"font-family: Times New Roman, serif;\"><span style=\"font-size: medium;\"><span style=\"font-size: large;\"><span lang=\"hr-HR\">Tvoje je da uroni\u0161 u njen svijet otvorena srca, ali s odlu\u010dno\u0161\u0107u i<\/span><\/span><span style=\"font-size: large;\">\u00a0<\/span><\/span><\/span><span style=\"font-family: Times New Roman, serif;\"><span style=\"font-size: medium;\"><span style=\"font-size: large;\"><span lang=\"hr-HR\">ponizno\u0161\u0107u, da razvije\u0161 svoju ma\u0161tu i kreativnost jer, kao \u0161to stihovi ka\u017eu: ,,<\/span><\/span><span style=\"font-size: large;\"><span lang=\"hr-HR\"><i>Pokreta\u010d matematike nije zaklju\u010divanje, nego ma\u0161ta\u201c.<\/i><\/span><\/span><span style=\"font-size: large;\">\u00a0<\/span><\/span><\/span><\/p>\n<p align=\"justify\"><span style=\"font-family: Times New Roman, serif;\"><span style=\"font-size: medium;\"><span style=\"font-size: large;\"><span lang=\"hr-HR\"><i>(\u00a0<\/i><\/span><\/span><span style=\"font-size: large;\"><span lang=\"hr-HR\"><i>Augustus<\/i><\/span><\/span><span style=\"font-size: large;\"><span lang=\"hr-HR\"><i>\u00a0de Morgan, 1806.-1871. )<\/i><\/span><\/span><span style=\"font-size: large;\">\u00a0<\/span><\/span><\/span><\/p>\n<p align=\"justify\">\n","protected":false},"excerpt":{"rendered":"<p>U na\u0161oj \u0161koli izvodi se suvremena nastava matematike ve\u0107 dugi niz godina. Takav oblik nastave razvija stvarala\u010dko mi\u0161ljenje i kreativnost u\u010denika.<\/p>\n","protected":false},"author":1,"featured_media":0,"parent":99,"menu_order":0,"comment_status":"closed","ping_status":"closed","template":"","meta":{"footnotes":""},"class_list":["post-98","page","type-page","status-publish","hentry"],"_links":{"self":[{"href":"https:\/\/trema.hr\/index.php?rest_route=\/wp\/v2\/pages\/98","targetHints":{"allow":["GET"]}}],"collection":[{"href":"https:\/\/trema.hr\/index.php?rest_route=\/wp\/v2\/pages"}],"about":[{"href":"https:\/\/trema.hr\/index.php?rest_route=\/wp\/v2\/types\/page"}],"author":[{"embeddable":true,"href":"https:\/\/trema.hr\/index.php?rest_route=\/wp\/v2\/users\/1"}],"replies":[{"embeddable":true,"href":"https:\/\/trema.hr\/index.php?rest_route=%2Fwp%2Fv2%2Fcomments&post=98"}],"version-history":[{"count":0,"href":"https:\/\/trema.hr\/index.php?rest_route=\/wp\/v2\/pages\/98\/revisions"}],"up":[{"embeddable":true,"href":"https:\/\/trema.hr\/index.php?rest_route=\/wp\/v2\/pages\/99"}],"wp:attachment":[{"href":"https:\/\/trema.hr\/index.php?rest_route=%2Fwp%2Fv2%2Fmedia&parent=98"}],"curies":[{"name":"wp","href":"https:\/\/api.w.org\/{rel}","templated":true}]}}