{"id":9349,"date":"2025-12-12T08:11:09","date_gmt":"2025-12-12T07:11:09","guid":{"rendered":"https:\/\/trema.hr\/?page_id=9349"},"modified":"2025-12-12T08:31:55","modified_gmt":"2025-12-12T07:31:55","slug":"drzavna-matura","status":"publish","type":"page","link":"https:\/\/trema.hr\/?page_id=9349","title":{"rendered":"Dr\u017eavna matura"},"content":{"rendered":"\n<p><\/p>\n\n\n<section class=\"gutentor-section gutentor-blog-post-wrapper blog-template1 wp-block-gutentor-blog-post\" id=\"section-g-787b375\" >\n<div class='grid-container'><div class=\"gutentor-block-header\"><div class=\"gutentor-section-title enable-title-design seperator-bottom text-center \"  >\n<h2 class=\"gutentor-title\">\nObavijesti<\/h2>\n<\/div>\n<\/div><div class='gutentor-grid-item-wrap '  ><div class='grid-row ' ><article class='gutentor-post-no-thumb  grid-lg-12 grid-md-4 grid-12 blog-grid'><div class=\"gutentor-single-item\"><div class=\"gutentor-single-item-image-box\"><\/div><div class=\"gutentor-post-content\"><h3 class=\"gutentor-single-item-title\"><a href=\"https:\/\/trema.hr\/?p=9588\" rel=\"bookmark\">TKO SE BOJI MATURE JO\u0160? MIOC NE!<\/a><\/h3><div class=\"entry-meta\"><div class=\"posted-on\"><i class=\"far fa-calendar-alt\"><\/i><a href=\"https:\/\/trema.hr\/?p=9588\" rel=\"bookmark\">9 velja\u010de, 2026<\/a><\/div><\/div><div class=\"gutentor-post-excerpt gutentor-single-item-desc\"><p class='gutentor-single-item-desc'>Ministarstvo znanosti, obrazovanja i mladih (MZOM) u bazi \u0160kolski e-Rudnik (\u0160eR) objavilo je a\u017eurira&hellip;<\/p><\/div><\/div><\/div><\/article><article class='gutentor-post-no-thumb  grid-lg-12 grid-md-4 grid-12 blog-grid'><div class=\"gutentor-single-item\"><div class=\"gutentor-single-item-image-box\"><\/div><div class=\"gutentor-post-content\"><h3 class=\"gutentor-single-item-title\"><a href=\"https:\/\/trema.hr\/?p=8570\" rel=\"bookmark\">REZULTATI DR\u017dAVNE MATURE U \u0160KOLSKOJ GODINI 2024.\/2025.<\/a><\/h3><div class=\"entry-meta\"><div class=\"posted-on\"><i class=\"far fa-calendar-alt\"><\/i><a href=\"https:\/\/trema.hr\/?p=8570\" rel=\"bookmark\">29 kolovoza, 2025<\/a><\/div><\/div><div class=\"gutentor-post-excerpt gutentor-single-item-desc\"><p class='gutentor-single-item-desc'>Na dr\u017eavnoj maturi u \u0161kolskoj godini 2024.\/2025. u\u010denici na\u0161e \u0161kole ostvarili su vrhunske rezultate &hellip;<\/p><\/div><\/div><\/div><\/article><\/div><\/div><\/div><\/section>","protected":false},"excerpt":{"rendered":"<p>Rezultati na\u0161ih u\u010denika te va\u017ene obavijesti vezane uz ispite.<\/p>\n","protected":false},"author":1,"featured_media":0,"parent":0,"menu_order":0,"comment_status":"closed","ping_status":"closed","template":"","meta":{"footnotes":""},"class_list":["post-9349","page","type-page","status-publish","hentry"],"_links":{"self":[{"href":"https:\/\/trema.hr\/index.php?rest_route=\/wp\/v2\/pages\/9349","targetHints":{"allow":["GET"]}}],"collection":[{"href":"https:\/\/trema.hr\/index.php?rest_route=\/wp\/v2\/pages"}],"about":[{"href":"https:\/\/trema.hr\/index.php?rest_route=\/wp\/v2\/types\/page"}],"author":[{"embeddable":true,"href":"https:\/\/trema.hr\/index.php?rest_route=\/wp\/v2\/users\/1"}],"replies":[{"embeddable":true,"href":"https:\/\/trema.hr\/index.php?rest_route=%2Fwp%2Fv2%2Fcomments&post=9349"}],"version-history":[{"count":2,"href":"https:\/\/trema.hr\/index.php?rest_route=\/wp\/v2\/pages\/9349\/revisions"}],"predecessor-version":[{"id":9352,"href":"https:\/\/trema.hr\/index.php?rest_route=\/wp\/v2\/pages\/9349\/revisions\/9352"}],"wp:attachment":[{"href":"https:\/\/trema.hr\/index.php?rest_route=%2Fwp%2Fv2%2Fmedia&parent=9349"}],"curies":[{"name":"wp","href":"https:\/\/api.w.org\/{rel}","templated":true}]}}

Državna matura

<p></p>


<section class="gutentor-section gutentor-blog-post-wrapper blog-template1 wp-block-gutentor-blog-post" id="section-g-787b375" >
<div class='grid-container'><div class="gutentor-block-header"><div class="gutentor-section-title enable-title-design seperator-bottom text-center "  >
<h2 class="gutentor-title">
Obavijesti</h2>
</div>
</div><div class='gutentor-grid-item-wrap '  ><div class='grid-row ' ><article class='gutentor-post-no-thumb  grid-lg-12 grid-md-4 grid-12 blog-grid'><div class="gutentor-single-item"><div class="gutentor-single-item-image-box"></div><div class="gutentor-post-content"><h3 class="gutentor-single-item-title"><a href="https://trema.hr/?p=9588" rel="bookmark">TKO SE BOJI MATURE JOŠ? MIOC NE!</a></h3><div class="entry-meta"><div class="posted-on"><i class="far fa-calendar-alt"></i><a href="https://trema.hr/?p=9588" rel="bookmark">9 veljače, 2026</a></div></div><div class="gutentor-post-excerpt gutentor-single-item-desc"><p class='gutentor-single-item-desc'>Ministarstvo znanosti, obrazovanja i mladih (MZOM) u bazi Školski e-Rudnik (ŠeR) objavilo je ažurira&hellip;</p></div></div></div></article><article class='gutentor-post-no-thumb  grid-lg-12 grid-md-4 grid-12 blog-grid'><div class="gutentor-single-item"><div class="gutentor-single-item-image-box"></div><div class="gutentor-post-content"><h3 class="gutentor-single-item-title"><a href="https://trema.hr/?p=8570" rel="bookmark">REZULTATI DRŽAVNE MATURE U ŠKOLSKOJ GODINI 2024./2025.</a></h3><div class="entry-meta"><div class="posted-on"><i class="far fa-calendar-alt"></i><a href="https://trema.hr/?p=8570" rel="bookmark">29 kolovoza, 2025</a></div></div><div class="gutentor-post-excerpt gutentor-single-item-desc"><p class='gutentor-single-item-desc'>Na državnoj maturi u školskoj godini 2024./2025. učenici naše škole ostvarili su vrhunske rezultate &hellip;</p></div></div></div></article></div></div></div></section>

<p>Rezultati naših učenika te važne obavijesti vezane uz ispite.</p>
