{"id":8316,"date":"2025-05-16T11:44:22","date_gmt":"2025-05-16T09:44:22","guid":{"rendered":"https:\/\/trema.hr\/?page_id=8316"},"modified":"2025-10-29T11:25:22","modified_gmt":"2025-10-29T10:25:22","slug":"dan-otvorenih-vrata-2","status":"publish","type":"page","link":"https:\/\/trema.hr\/?page_id=8316","title":{"rendered":"Oskar znanja 2025."},"content":{"rendered":"<p>Oskar znanja&nbsp;<a href=\"https:\/\/hr.wikipedia.org\/wiki\/Hrvati\">hrvatska<\/a>&nbsp;je dr\u017eavna nagrada koja se svake godine dodjeljuje u\u010denicima za izniman uspjeh i postignute rezultate na dr\u017eavnim i me\u0111unarodnim natjecanjima u&nbsp;<a href=\"https:\/\/hr.wikipedia.org\/wiki\/Znanje\">znanju<\/a>, te dr\u017eavnom natjecanju glazbe i plesa. Ukupno \u0107e ove godine to priznanje dobiti 440 u\u010denika, a 21. sve\u010danost dodjele nagrade Oskar znanja odr\u017eat \u0107e se u ponedjeljak, 16. lipnja, u Velikoj dvorani Koncertne dvorane Vatroslava Lisinskog u Zagrebu.<\/p>\n<p>Me\u0111u nagra\u0111enima je i na\u0161ih petero u\u010denika. Iznimno smo ponosni na njih.<\/p>\n<p>Za svoja postignu\u0107a na me\u0111unarodnim natjecanjima Oskara su osvojili:<\/p>\n<p><strong>Emanuel Bajami\u0107<\/strong> &#8211; &nbsp;srebrna medalja na 18. Srednjoeuropskoj matemati\u010dkoj olimpijadi (MEMO) (kolovoz 2024., Ma\u0111arska)<\/p>\n<p><strong>Mario Vrdoljak<\/strong> \u2013 bron\u010dana medalja na 35. Me\u0111unarodnoj biolo\u0161koj olimpijadi (IBO) (srpanj 2024., Kazahstan)<\/p>\n<p>Za postignu\u0107a na dr\u017eavnim natjecanjima \u0161k. god. 2024.\/25., Oskara znanja osvojili su:<\/p>\n<p><strong>Emanuel Bajami\u0107,<\/strong> 4. e &#8211; 1. mjesto na dr\u017eavnom Natjecanju iz matematike<\/p>\n<p><strong>Petra Cvitkovi\u0107,<\/strong> 2. F&nbsp;&nbsp;i <strong>Klara Tabak,<\/strong> 2 .F&nbsp; &#8211; 1. mjesto na dr\u017eavnom Natjecanju iz biologije \u0161kolske godine 2024.\/25. u kategoriji&nbsp;<em>Samostalni istra\u017eiva\u010dki projekt.<\/em><\/p>\n<p>Ponosni smo i na na\u0161ih dvoje u\u010denika prvih razreda koji su svoj Oskar znanja zaslu\u017eili na me\u0111unarodnim natjecanjima u ljeto 2024. godine u vrijeme dok su jo\u0161 uvijek bili u\u010denici osnovne \u0161kole:<\/p>\n<p><strong>Luka Ran\u010di\u0107<\/strong> &#8211; &nbsp;bron\u010dana medalja na Europskoj juniorskoj informati\u010dkoj olimpijadi<\/p>\n<p><strong>Celina Mar\u010di\u0107<\/strong> \u2013 1. mjesto na 5. Europskom RoboCup-u Junior Hannover, lipanj 2024. Njema\u010dka<\/p>\n","protected":false},"excerpt":{"rendered":"<p>&#8230;<\/p>\n","protected":false},"author":1,"featured_media":8397,"parent":0,"menu_order":0,"comment_status":"closed","ping_status":"closed","template":"","meta":{"footnotes":""},"class_list":["post-8316","page","type-page","status-publish","has-post-thumbnail","hentry"],"_links":{"self":[{"href":"https:\/\/trema.hr\/index.php?rest_route=\/wp\/v2\/pages\/8316","targetHints":{"allow":["GET"]}}],"collection":[{"href":"https:\/\/trema.hr\/index.php?rest_route=\/wp\/v2\/pages"}],"about":[{"href":"https:\/\/trema.hr\/index.php?rest_route=\/wp\/v2\/types\/page"}],"author":[{"embeddable":true,"href":"https:\/\/trema.hr\/index.php?rest_route=\/wp\/v2\/users\/1"}],"replies":[{"embeddable":true,"href":"https:\/\/trema.hr\/index.php?rest_route=%2Fwp%2Fv2%2Fcomments&post=8316"}],"version-history":[{"count":9,"href":"https:\/\/trema.hr\/index.php?rest_route=\/wp\/v2\/pages\/8316\/revisions"}],"predecessor-version":[{"id":9042,"href":"https:\/\/trema.hr\/index.php?rest_route=\/wp\/v2\/pages\/8316\/revisions\/9042"}],"wp:featuredmedia":[{"embeddable":true,"href":"https:\/\/trema.hr\/index.php?rest_route=\/wp\/v2\/media\/8397"}],"wp:attachment":[{"href":"https:\/\/trema.hr\/index.php?rest_route=%2Fwp%2Fv2%2Fmedia&parent=8316"}],"curies":[{"name":"wp","href":"https:\/\/api.w.org\/{rel}","templated":true}]}}