{"id":70,"date":"2016-10-18T07:57:49","date_gmt":"2016-10-18T07:57:49","guid":{"rendered":"http:\/\/www.demo.acmethemes.com\/education-base\/?page_id=154"},"modified":"2020-02-03T19:20:34","modified_gmt":"2020-02-03T18:20:34","slug":"galerija","status":"publish","type":"page","link":"https:\/\/trema.hr\/?page_id=70","title":{"rendered":"Fotogalerija"},"content":{"rendered":"<div id='gallery-1' class='gallery galleryid-70 gallery-columns-4 gallery-size-large'><figure class='gallery-item'>\n\t\t\t<div class='gallery-icon landscape'>\n\t\t\t\t<a href='https:\/\/trema.hr\/wp-content\/uploads\/2020\/01\/WhatsApp-Image-2020-01-20-at-13.19.56.jpeg'><img loading=\"lazy\" decoding=\"async\" width=\"640\" height=\"640\" src=\"https:\/\/trema.hr\/wp-content\/uploads\/2020\/01\/WhatsApp-Image-2020-01-20-at-13.19.56-1024x1024.jpeg\" class=\"attachment-large size-large\" alt=\"\" aria-describedby=\"gallery-1-712\" srcset=\"https:\/\/trema.hr\/wp-content\/uploads\/2020\/01\/WhatsApp-Image-2020-01-20-at-13.19.56-1024x1024.jpeg 1024w, https:\/\/trema.hr\/wp-content\/uploads\/2020\/01\/WhatsApp-Image-2020-01-20-at-13.19.56-300x300.jpeg 300w, https:\/\/trema.hr\/wp-content\/uploads\/2020\/01\/WhatsApp-Image-2020-01-20-at-13.19.56-150x150.jpeg 150w\" sizes=\"auto, (max-width: 640px) 100vw, 640px\" \/><\/a>\n\t\t\t<\/div>\n\t\t\t\t<figcaption class='wp-caption-text gallery-caption' id='gallery-1-712'>\n\t\t\t\tEma Slapni\u010dar s gradona\u010delnikom Splita Androm Krstulovi\u0107em Oparom\n\t\t\t\t<\/figcaption><\/figure><figure class='gallery-item'>\n\t\t\t<div class='gallery-icon landscape'>\n\t\t\t\t<a href='https:\/\/trema.hr\/wp-content\/uploads\/2020\/01\/Slika92.jpeg'><img loading=\"lazy\" decoding=\"async\" width=\"640\" height=\"640\" src=\"https:\/\/trema.hr\/wp-content\/uploads\/2020\/01\/Slika92-1024x1024.jpeg\" class=\"attachment-large size-large\" alt=\"\" aria-describedby=\"gallery-1-711\" srcset=\"https:\/\/trema.hr\/wp-content\/uploads\/2020\/01\/Slika92-1024x1024.jpeg 1024w, https:\/\/trema.hr\/wp-content\/uploads\/2020\/01\/Slika92-300x300.jpeg 300w, https:\/\/trema.hr\/wp-content\/uploads\/2020\/01\/Slika92-150x150.jpeg 150w\" sizes=\"auto, (max-width: 640px) 100vw, 640px\" \/><\/a>\n\t\t\t<\/div>\n\t\t\t\t<figcaption class='wp-caption-text gallery-caption' id='gallery-1-711'>\n\t\t\t\t\u0110ur\u0111ici Kova\u010di\u0107 s gradona\u010delnikom Splita Androm Krstulovi\u0107em Oparom \n\t\t\t\t<\/figcaption><\/figure><figure class='gallery-item'>\n\t\t\t<div class='gallery-icon landscape'>\n\t\t\t\t<a href='https:\/\/trema.hr\/wp-content\/uploads\/2020\/01\/Slika21-e1579703476513.jpeg'><img loading=\"lazy\" decoding=\"async\" width=\"640\" height=\"360\" src=\"https:\/\/trema.hr\/wp-content\/uploads\/2020\/01\/Slika21-e1579703476513.jpeg\" class=\"attachment-large size-large\" alt=\"\" aria-describedby=\"gallery-1-710\" \/><\/a>\n\t\t\t<\/div>\n\t\t\t\t<figcaption class='wp-caption-text gallery-caption' id='gallery-1-710'>\n\t\t\t\tSve\u010danost s dodjele stipendina grada Splita\n\t\t\t\t<\/figcaption><\/figure><figure class='gallery-item'>\n\t\t\t<div class='gallery-icon portrait'>\n\t\t\t\t<a href='https:\/\/trema.hr\/wp-content\/uploads\/2020\/01\/WhatsApp-Image-2020-01-21-at-13.48.36.jpeg'><img loading=\"lazy\" decoding=\"async\" width=\"640\" height=\"640\" src=\"https:\/\/trema.hr\/wp-content\/uploads\/2020\/01\/WhatsApp-Image-2020-01-21-at-13.48.36-1024x1024.jpeg\" class=\"attachment-large size-large\" alt=\"\" aria-describedby=\"gallery-1-709\" srcset=\"https:\/\/trema.hr\/wp-content\/uploads\/2020\/01\/WhatsApp-Image-2020-01-21-at-13.48.36-1024x1024.jpeg 1024w, https:\/\/trema.hr\/wp-content\/uploads\/2020\/01\/WhatsApp-Image-2020-01-21-at-13.48.36-300x300.jpeg 300w, https:\/\/trema.hr\/wp-content\/uploads\/2020\/01\/WhatsApp-Image-2020-01-21-at-13.48.36-150x150.jpeg 150w\" sizes=\"auto, (max-width: 640px) 100vw, 640px\" \/><\/a>\n\t\t\t<\/div>\n\t\t\t\t<figcaption class='wp-caption-text gallery-caption' id='gallery-1-709'>\n\t\t\t\tSve\u010dana podjela svjedod\u017ebi generacija maturanata 2018.\/19.\n\t\t\t\t<\/figcaption><\/figure><figure class='gallery-item'>\n\t\t\t<div class='gallery-icon landscape'>\n\t\t\t\t<a href='https:\/\/trema.hr\/wp-content\/uploads\/2020\/01\/WhatsApp-Image-2020-01-21-at-13.47.45.jpeg'><img loading=\"lazy\" decoding=\"async\" width=\"640\" height=\"640\" src=\"https:\/\/trema.hr\/wp-content\/uploads\/2020\/01\/WhatsApp-Image-2020-01-21-at-13.47.45-1024x1024.jpeg\" class=\"attachment-large size-large\" alt=\"\" aria-describedby=\"gallery-1-708\" srcset=\"https:\/\/trema.hr\/wp-content\/uploads\/2020\/01\/WhatsApp-Image-2020-01-21-at-13.47.45-1024x1024.jpeg 1024w, https:\/\/trema.hr\/wp-content\/uploads\/2020\/01\/WhatsApp-Image-2020-01-21-at-13.47.45-300x300.jpeg 300w, https:\/\/trema.hr\/wp-content\/uploads\/2020\/01\/WhatsApp-Image-2020-01-21-at-13.47.45-150x150.jpeg 150w\" sizes=\"auto, (max-width: 640px) 100vw, 640px\" \/><\/a>\n\t\t\t<\/div>\n\t\t\t\t<figcaption class='wp-caption-text gallery-caption' id='gallery-1-708'>\n\t\t\t\tSve\u010dana podjela svjedod\u017ebi generacija maturanata 2018.\/19.\n\t\t\t\t<\/figcaption><\/figure><figure class='gallery-item'>\n\t\t\t<div class='gallery-icon landscape'>\n\t\t\t\t<a href='https:\/\/trema.hr\/wp-content\/uploads\/2020\/01\/WhatsApp-Image-2020-01-21-at-13.47.43.jpeg'><img loading=\"lazy\" decoding=\"async\" width=\"640\" height=\"640\" src=\"https:\/\/trema.hr\/wp-content\/uploads\/2020\/01\/WhatsApp-Image-2020-01-21-at-13.47.43-1024x1024.jpeg\" class=\"attachment-large size-large\" alt=\"\" aria-describedby=\"gallery-1-707\" srcset=\"https:\/\/trema.hr\/wp-content\/uploads\/2020\/01\/WhatsApp-Image-2020-01-21-at-13.47.43-1024x1024.jpeg 1024w, https:\/\/trema.hr\/wp-content\/uploads\/2020\/01\/WhatsApp-Image-2020-01-21-at-13.47.43-300x300.jpeg 300w, https:\/\/trema.hr\/wp-content\/uploads\/2020\/01\/WhatsApp-Image-2020-01-21-at-13.47.43-150x150.jpeg 150w\" sizes=\"auto, (max-width: 640px) 100vw, 640px\" \/><\/a>\n\t\t\t<\/div>\n\t\t\t\t<figcaption class='wp-caption-text gallery-caption' id='gallery-1-707'>\n\t\t\t\tSve\u010dana podjela svjedod\u017ebi generacija maturanata 2018.\/19.\n\t\t\t\t<\/figcaption><\/figure><figure class='gallery-item'>\n\t\t\t<div class='gallery-icon portrait'>\n\t\t\t\t<a href='https:\/\/trema.hr\/wp-content\/uploads\/2020\/01\/ssa.jpeg'><img loading=\"lazy\" decoding=\"async\" width=\"640\" height=\"640\" src=\"https:\/\/trema.hr\/wp-content\/uploads\/2020\/01\/ssa-1024x1024.jpeg\" class=\"attachment-large size-large\" alt=\"\" aria-describedby=\"gallery-1-703\" srcset=\"https:\/\/trema.hr\/wp-content\/uploads\/2020\/01\/ssa-1024x1024.jpeg 1024w, https:\/\/trema.hr\/wp-content\/uploads\/2020\/01\/ssa-300x300.jpeg 300w, https:\/\/trema.hr\/wp-content\/uploads\/2020\/01\/ssa-150x150.jpeg 150w\" sizes=\"auto, (max-width: 640px) 100vw, 640px\" \/><\/a>\n\t\t\t<\/div>\n\t\t\t\t<figcaption class='wp-caption-text gallery-caption' id='gallery-1-703'>\n\t\t\t\tSve\u010dana podjela svjedod\u017ebi generacija maturanata 2018.\/19.\n\t\t\t\t<\/figcaption><\/figure><figure class='gallery-item'>\n\t\t\t<div class='gallery-icon portrait'>\n\t\t\t\t<a href='https:\/\/trema.hr\/wp-content\/uploads\/2020\/01\/WhatsApp-Image-2020-01-21-at-13.36.41.jpeg'><img loading=\"lazy\" decoding=\"async\" width=\"640\" height=\"640\" src=\"https:\/\/trema.hr\/wp-content\/uploads\/2020\/01\/WhatsApp-Image-2020-01-21-at-13.36.41-1024x1024.jpeg\" class=\"attachment-large size-large\" alt=\"\" aria-describedby=\"gallery-1-704\" srcset=\"https:\/\/trema.hr\/wp-content\/uploads\/2020\/01\/WhatsApp-Image-2020-01-21-at-13.36.41-1024x1024.jpeg 1024w, https:\/\/trema.hr\/wp-content\/uploads\/2020\/01\/WhatsApp-Image-2020-01-21-at-13.36.41-300x300.jpeg 300w, https:\/\/trema.hr\/wp-content\/uploads\/2020\/01\/WhatsApp-Image-2020-01-21-at-13.36.41-150x150.jpeg 150w\" sizes=\"auto, (max-width: 640px) 100vw, 640px\" \/><\/a>\n\t\t\t<\/div>\n\t\t\t\t<figcaption class='wp-caption-text gallery-caption' id='gallery-1-704'>\n\t\t\t\tSve\u010dana podjela svjedod\u017ebi generacija maturanata 2018.\/19.\n\t\t\t\t<\/figcaption><\/figure><figure class='gallery-item'>\n\t\t\t<div class='gallery-icon landscape'>\n\t\t\t\t<a href='https:\/\/trema.hr\/wp-content\/uploads\/2020\/01\/WhatsApp-Image-2020-01-21-at-13.36.43.jpeg'><img loading=\"lazy\" decoding=\"async\" width=\"640\" height=\"640\" src=\"https:\/\/trema.hr\/wp-content\/uploads\/2020\/01\/WhatsApp-Image-2020-01-21-at-13.36.43-1024x1024.jpeg\" class=\"attachment-large size-large\" alt=\"\" aria-describedby=\"gallery-1-706\" srcset=\"https:\/\/trema.hr\/wp-content\/uploads\/2020\/01\/WhatsApp-Image-2020-01-21-at-13.36.43-1024x1024.jpeg 1024w, https:\/\/trema.hr\/wp-content\/uploads\/2020\/01\/WhatsApp-Image-2020-01-21-at-13.36.43-300x300.jpeg 300w, https:\/\/trema.hr\/wp-content\/uploads\/2020\/01\/WhatsApp-Image-2020-01-21-at-13.36.43-150x150.jpeg 150w\" sizes=\"auto, (max-width: 640px) 100vw, 640px\" \/><\/a>\n\t\t\t<\/div>\n\t\t\t\t<figcaption class='wp-caption-text gallery-caption' id='gallery-1-706'>\n\t\t\t\tSve\u010dana podjela svjedod\u017ebi generacija maturanata 2018.\/19.\n\t\t\t\t<\/figcaption><\/figure><figure class='gallery-item'>\n\t\t\t<div class='gallery-icon landscape'>\n\t\t\t\t<a href='https:\/\/trema.hr\/wp-content\/uploads\/2020\/02\/KABINET-LIKOVNE-UMJETNOSTI-scaled.jpg'><img loading=\"lazy\" decoding=\"async\" width=\"640\" height=\"640\" src=\"https:\/\/trema.hr\/wp-content\/uploads\/2020\/02\/KABINET-LIKOVNE-UMJETNOSTI-1024x1024.jpg\" class=\"attachment-large size-large\" alt=\"\" aria-describedby=\"gallery-1-906\" srcset=\"https:\/\/trema.hr\/wp-content\/uploads\/2020\/02\/KABINET-LIKOVNE-UMJETNOSTI-1024x1024.jpg 1024w, https:\/\/trema.hr\/wp-content\/uploads\/2020\/02\/KABINET-LIKOVNE-UMJETNOSTI-300x300.jpg 300w, https:\/\/trema.hr\/wp-content\/uploads\/2020\/02\/KABINET-LIKOVNE-UMJETNOSTI-150x150.jpg 150w\" sizes=\"auto, (max-width: 640px) 100vw, 640px\" \/><\/a>\n\t\t\t<\/div>\n\t\t\t\t<figcaption class='wp-caption-text gallery-caption' id='gallery-1-906'>\n\t\t\t\tU\u010dionica br.5\n\t\t\t\t<\/figcaption><\/figure><figure class='gallery-item'>\n\t\t\t<div class='gallery-icon portrait'>\n\t\t\t\t<a href='https:\/\/trema.hr\/wp-content\/uploads\/2020\/02\/OPREMA-KEMIJA.jpg'><img loading=\"lazy\" decoding=\"async\" width=\"640\" height=\"729\" src=\"https:\/\/trema.hr\/wp-content\/uploads\/2020\/02\/OPREMA-KEMIJA-899x1024.jpg\" class=\"attachment-large size-large\" alt=\"\" aria-describedby=\"gallery-1-909\" \/><\/a>\n\t\t\t<\/div>\n\t\t\t\t<figcaption class='wp-caption-text gallery-caption' id='gallery-1-909'>\n\t\t\t\tPrirodoslovna zbirka\n\t\t\t\t<\/figcaption><\/figure><figure class='gallery-item'>\n\t\t\t<div class='gallery-icon landscape'>\n\t\t\t\t<a href='https:\/\/trema.hr\/wp-content\/uploads\/2020\/02\/ORMAR-PRIRODOSLOVNA-ZBIRKA.jpg'><img loading=\"lazy\" decoding=\"async\" width=\"640\" height=\"600\" src=\"https:\/\/trema.hr\/wp-content\/uploads\/2020\/02\/ORMAR-PRIRODOSLOVNA-ZBIRKA-1024x960.jpg\" class=\"attachment-large size-large\" alt=\"\" aria-describedby=\"gallery-1-911\" \/><\/a>\n\t\t\t<\/div>\n\t\t\t\t<figcaption class='wp-caption-text gallery-caption' id='gallery-1-911'>\n\t\t\t\tPrirodoslovna zbirka\n\t\t\t\t<\/figcaption><\/figure><figure class='gallery-item'>\n\t\t\t<div class='gallery-icon landscape'>\n\t\t\t\t<a href='https:\/\/trema.hr\/wp-content\/uploads\/2020\/02\/KABINET-INFORMATIKE-1.jpg'><img loading=\"lazy\" decoding=\"async\" width=\"640\" height=\"640\" src=\"https:\/\/trema.hr\/wp-content\/uploads\/2020\/02\/KABINET-INFORMATIKE-1-1024x1024.jpg\" class=\"attachment-large size-large\" alt=\"\" aria-describedby=\"gallery-1-904\" srcset=\"https:\/\/trema.hr\/wp-content\/uploads\/2020\/02\/KABINET-INFORMATIKE-1-1024x1024.jpg 1024w, https:\/\/trema.hr\/wp-content\/uploads\/2020\/02\/KABINET-INFORMATIKE-1-300x300.jpg 300w, https:\/\/trema.hr\/wp-content\/uploads\/2020\/02\/KABINET-INFORMATIKE-1-150x150.jpg 150w\" sizes=\"auto, (max-width: 640px) 100vw, 640px\" \/><\/a>\n\t\t\t<\/div>\n\t\t\t\t<figcaption class='wp-caption-text gallery-caption' id='gallery-1-904'>\n\t\t\t\tKabinet informatike\n\t\t\t\t<\/figcaption><\/figure><figure class='gallery-item'>\n\t\t\t<div class='gallery-icon landscape'>\n\t\t\t\t<a href='https:\/\/trema.hr\/wp-content\/uploads\/2020\/02\/kabinet-informatike-scaled.jpg'><img loading=\"lazy\" decoding=\"async\" width=\"640\" height=\"640\" src=\"https:\/\/trema.hr\/wp-content\/uploads\/2020\/02\/kabinet-informatike-1024x1024.jpg\" class=\"attachment-large size-large\" alt=\"\" aria-describedby=\"gallery-1-903\" srcset=\"https:\/\/trema.hr\/wp-content\/uploads\/2020\/02\/kabinet-informatike-1024x1024.jpg 1024w, https:\/\/trema.hr\/wp-content\/uploads\/2020\/02\/kabinet-informatike-300x300.jpg 300w, https:\/\/trema.hr\/wp-content\/uploads\/2020\/02\/kabinet-informatike-150x150.jpg 150w\" sizes=\"auto, (max-width: 640px) 100vw, 640px\" \/><\/a>\n\t\t\t<\/div>\n\t\t\t\t<figcaption class='wp-caption-text gallery-caption' id='gallery-1-903'>\n\t\t\t\t\u010citaonica\n\t\t\t\t<\/figcaption><\/figure><figure class='gallery-item'>\n\t\t\t<div class='gallery-icon portrait'>\n\t\t\t\t<a href='https:\/\/trema.hr\/wp-content\/uploads\/2020\/02\/g.jpeg'><img loading=\"lazy\" decoding=\"async\" width=\"640\" height=\"640\" src=\"https:\/\/trema.hr\/wp-content\/uploads\/2020\/02\/g-1024x1024.jpeg\" class=\"attachment-large size-large\" alt=\"\" aria-describedby=\"gallery-1-899\" srcset=\"https:\/\/trema.hr\/wp-content\/uploads\/2020\/02\/g-1024x1024.jpeg 1024w, https:\/\/trema.hr\/wp-content\/uploads\/2020\/02\/g-300x300.jpeg 300w, https:\/\/trema.hr\/wp-content\/uploads\/2020\/02\/g-150x150.jpeg 150w\" sizes=\"auto, (max-width: 640px) 100vw, 640px\" \/><\/a>\n\t\t\t<\/div>\n\t\t\t\t<figcaption class='wp-caption-text gallery-caption' id='gallery-1-899'>\n\t\t\t\tPrirodoslovna zbirka\n\t\t\t\t<\/figcaption><\/figure><figure class='gallery-item'>\n\t\t\t<div class='gallery-icon landscape'>\n\t\t\t\t<a href='https:\/\/trema.hr\/wp-content\/uploads\/2020\/02\/DNEVNI-BORAVAK-PODRUM-scaled.jpg'><img loading=\"lazy\" decoding=\"async\" width=\"640\" height=\"640\" src=\"https:\/\/trema.hr\/wp-content\/uploads\/2020\/02\/DNEVNI-BORAVAK-PODRUM-1024x1024.jpg\" class=\"attachment-large size-large\" alt=\"\" aria-describedby=\"gallery-1-898\" srcset=\"https:\/\/trema.hr\/wp-content\/uploads\/2020\/02\/DNEVNI-BORAVAK-PODRUM-1024x1024.jpg 1024w, https:\/\/trema.hr\/wp-content\/uploads\/2020\/02\/DNEVNI-BORAVAK-PODRUM-300x300.jpg 300w, https:\/\/trema.hr\/wp-content\/uploads\/2020\/02\/DNEVNI-BORAVAK-PODRUM-150x150.jpg 150w\" sizes=\"auto, (max-width: 640px) 100vw, 640px\" \/><\/a>\n\t\t\t<\/div>\n\t\t\t\t<figcaption class='wp-caption-text gallery-caption' id='gallery-1-898'>\n\t\t\t\tHodnik\n\t\t\t\t<\/figcaption><\/figure><figure class='gallery-item'>\n\t\t\t<div class='gallery-icon landscape'>\n\t\t\t\t<a href='https:\/\/trema.hr\/wp-content\/uploads\/2020\/02\/hgtz.jpeg'><img loading=\"lazy\" decoding=\"async\" width=\"640\" height=\"640\" src=\"https:\/\/trema.hr\/wp-content\/uploads\/2020\/02\/hgtz-1024x1024.jpeg\" class=\"attachment-large size-large\" alt=\"\" aria-describedby=\"gallery-1-902\" srcset=\"https:\/\/trema.hr\/wp-content\/uploads\/2020\/02\/hgtz-1024x1024.jpeg 1024w, https:\/\/trema.hr\/wp-content\/uploads\/2020\/02\/hgtz-300x300.jpeg 300w, https:\/\/trema.hr\/wp-content\/uploads\/2020\/02\/hgtz-150x150.jpeg 150w\" sizes=\"auto, (max-width: 640px) 100vw, 640px\" \/><\/a>\n\t\t\t<\/div>\n\t\t\t\t<figcaption class='wp-caption-text gallery-caption' id='gallery-1-902'>\n\t\t\t\tPrirodoslovna zbirka\n\t\t\t\t<\/figcaption><\/figure><figure class='gallery-item'>\n\t\t\t<div class='gallery-icon landscape'>\n\t\t\t\t<a href='https:\/\/trema.hr\/wp-content\/uploads\/2020\/02\/3b2db7cf-317f-4ee3-b752-78f3d10dd0cf.jpg'><img loading=\"lazy\" decoding=\"async\" width=\"640\" height=\"640\" src=\"https:\/\/trema.hr\/wp-content\/uploads\/2020\/02\/3b2db7cf-317f-4ee3-b752-78f3d10dd0cf-1024x1024.jpg\" class=\"attachment-large size-large\" alt=\"\" srcset=\"https:\/\/trema.hr\/wp-content\/uploads\/2020\/02\/3b2db7cf-317f-4ee3-b752-78f3d10dd0cf-1024x1024.jpg 1024w, https:\/\/trema.hr\/wp-content\/uploads\/2020\/02\/3b2db7cf-317f-4ee3-b752-78f3d10dd0cf-300x300.jpg 300w, https:\/\/trema.hr\/wp-content\/uploads\/2020\/02\/3b2db7cf-317f-4ee3-b752-78f3d10dd0cf-150x150.jpg 150w\" sizes=\"auto, (max-width: 640px) 100vw, 640px\" \/><\/a>\n\t\t\t<\/div><\/figure><figure class='gallery-item'>\n\t\t\t<div class='gallery-icon landscape'>\n\t\t\t\t<a href='https:\/\/trema.hr\/wp-content\/uploads\/2020\/02\/9b40cb10-a5f8-4ab8-be14-175cd1c59ff3.jpg'><img loading=\"lazy\" decoding=\"async\" width=\"640\" height=\"563\" src=\"https:\/\/trema.hr\/wp-content\/uploads\/2020\/02\/9b40cb10-a5f8-4ab8-be14-175cd1c59ff3-1024x900.jpg\" class=\"attachment-large size-large\" alt=\"\" aria-describedby=\"gallery-1-936\" \/><\/a>\n\t\t\t<\/div>\n\t\t\t\t<figcaption class='wp-caption-text gallery-caption' id='gallery-1-936'>\n\t\t\t\tSve\u010dana podjela svjedod\u017ebi generacija maturanata 2018.\/19.\n\t\t\t\t<\/figcaption><\/figure><figure class='gallery-item'>\n\t\t\t<div class='gallery-icon landscape'>\n\t\t\t\t<a href='https:\/\/trema.hr\/wp-content\/uploads\/2020\/02\/9eaf86d2-7923-4d07-9802-c2e046da0435-\u2013-kopija-\u2013-kopija.jpg'><img loading=\"lazy\" decoding=\"async\" width=\"640\" height=\"640\" src=\"https:\/\/trema.hr\/wp-content\/uploads\/2020\/02\/9eaf86d2-7923-4d07-9802-c2e046da0435-\u2013-kopija-\u2013-kopija-1024x1024.jpg\" class=\"attachment-large size-large\" alt=\"\" aria-describedby=\"gallery-1-937\" srcset=\"https:\/\/trema.hr\/wp-content\/uploads\/2020\/02\/9eaf86d2-7923-4d07-9802-c2e046da0435-\u2013-kopija-\u2013-kopija-1024x1024.jpg 1024w, https:\/\/trema.hr\/wp-content\/uploads\/2020\/02\/9eaf86d2-7923-4d07-9802-c2e046da0435-\u2013-kopija-\u2013-kopija-300x300.jpg 300w, https:\/\/trema.hr\/wp-content\/uploads\/2020\/02\/9eaf86d2-7923-4d07-9802-c2e046da0435-\u2013-kopija-\u2013-kopija-150x150.jpg 150w\" sizes=\"auto, (max-width: 640px) 100vw, 640px\" \/><\/a>\n\t\t\t<\/div>\n\t\t\t\t<figcaption class='wp-caption-text gallery-caption' id='gallery-1-937'>\n\t\t\t\tSve\u010dana podjela svjedod\u017ebi generacija maturanata 2018.\/19.\n\t\t\t\t<\/figcaption><\/figure><figure class='gallery-item'>\n\t\t\t<div class='gallery-icon landscape'>\n\t\t\t\t<a href='https:\/\/trema.hr\/wp-content\/uploads\/2020\/02\/406bc556-095c-4b04-a9a5-e36363604f4c.jpg'><img loading=\"lazy\" decoding=\"async\" width=\"640\" height=\"563\" src=\"https:\/\/trema.hr\/wp-content\/uploads\/2020\/02\/406bc556-095c-4b04-a9a5-e36363604f4c-1024x900.jpg\" class=\"attachment-large size-large\" alt=\"\" aria-describedby=\"gallery-1-938\" \/><\/a>\n\t\t\t<\/div>\n\t\t\t\t<figcaption class='wp-caption-text gallery-caption' id='gallery-1-938'>\n\t\t\t\tSve\u010dana podjela svjedod\u017ebi generacija maturanata 2018.\/19.\n\t\t\t\t<\/figcaption><\/figure><figure class='gallery-item'>\n\t\t\t<div class='gallery-icon landscape'>\n\t\t\t\t<a href='https:\/\/trema.hr\/wp-content\/uploads\/2020\/02\/151975a9-b5bc-47e1-9d34-237e050b414c.jpg'><img loading=\"lazy\" decoding=\"async\" width=\"640\" height=\"563\" src=\"https:\/\/trema.hr\/wp-content\/uploads\/2020\/02\/151975a9-b5bc-47e1-9d34-237e050b414c-1024x900.jpg\" class=\"attachment-large size-large\" alt=\"\" aria-describedby=\"gallery-1-939\" \/><\/a>\n\t\t\t<\/div>\n\t\t\t\t<figcaption class='wp-caption-text gallery-caption' id='gallery-1-939'>\n\t\t\t\tSve\u010dana podjela svjedod\u017ebi generacija maturanata 2018.\/19.\n\t\t\t\t<\/figcaption><\/figure><figure class='gallery-item'>\n\t\t\t<div class='gallery-icon landscape'>\n\t\t\t\t<a href='https:\/\/trema.hr\/wp-content\/uploads\/2020\/02\/52573741-4755-442d-bc1e-c2423254e917.jpg'><img loading=\"lazy\" decoding=\"async\" width=\"640\" height=\"625\" src=\"https:\/\/trema.hr\/wp-content\/uploads\/2020\/02\/52573741-4755-442d-bc1e-c2423254e917-1024x1000.jpg\" class=\"attachment-large size-large\" alt=\"\" aria-describedby=\"gallery-1-940\" \/><\/a>\n\t\t\t<\/div>\n\t\t\t\t<figcaption class='wp-caption-text gallery-caption' id='gallery-1-940'>\n\t\t\t\tSve\u010dana podjela svjedod\u017ebi generacija maturanata 2018.\/19.\n\t\t\t\t<\/figcaption><\/figure><figure class='gallery-item'>\n\t\t\t<div class='gallery-icon landscape'>\n\t\t\t\t<a href='https:\/\/trema.hr\/wp-content\/uploads\/2020\/02\/c2954d17-5452-43de-a7c5-de72a85a9b35.jpg'><img loading=\"lazy\" decoding=\"async\" width=\"640\" height=\"563\" src=\"https:\/\/trema.hr\/wp-content\/uploads\/2020\/02\/c2954d17-5452-43de-a7c5-de72a85a9b35-1024x900.jpg\" class=\"attachment-large size-large\" alt=\"\" aria-describedby=\"gallery-1-941\" \/><\/a>\n\t\t\t<\/div>\n\t\t\t\t<figcaption class='wp-caption-text gallery-caption' id='gallery-1-941'>\n\t\t\t\tSve\u010dana podjela svjedod\u017ebi generacija maturanata 2018.\/19.\n\t\t\t\t<\/figcaption><\/figure><figure class='gallery-item'>\n\t\t\t<div class='gallery-icon landscape'>\n\t\t\t\t<a href='https:\/\/trema.hr\/wp-content\/uploads\/2020\/02\/d7ed488f-503e-40e3-a3bd-66f53ce3904a.jpg'><img loading=\"lazy\" decoding=\"async\" width=\"640\" height=\"563\" src=\"https:\/\/trema.hr\/wp-content\/uploads\/2020\/02\/d7ed488f-503e-40e3-a3bd-66f53ce3904a-1024x900.jpg\" class=\"attachment-large size-large\" alt=\"\" aria-describedby=\"gallery-1-942\" \/><\/a>\n\t\t\t<\/div>\n\t\t\t\t<figcaption class='wp-caption-text gallery-caption' id='gallery-1-942'>\n\t\t\t\tSve\u010dana podjela svjedod\u017ebi generacija maturanata 2018.\/19.\n\t\t\t\t<\/figcaption><\/figure>\n\t\t<\/div>\n\n","protected":false},"excerpt":{"rendered":"","protected":false},"author":1,"featured_media":0,"parent":0,"menu_order":0,"comment_status":"closed","ping_status":"closed","template":"","meta":{"footnotes":""},"class_list":["post-70","page","type-page","status-publish","hentry"],"_links":{"self":[{"href":"https:\/\/trema.hr\/index.php?rest_route=\/wp\/v2\/pages\/70","targetHints":{"allow":["GET"]}}],"collection":[{"href":"https:\/\/trema.hr\/index.php?rest_route=\/wp\/v2\/pages"}],"about":[{"href":"https:\/\/trema.hr\/index.php?rest_route=\/wp\/v2\/types\/page"}],"author":[{"embeddable":true,"href":"https:\/\/trema.hr\/index.php?rest_route=\/wp\/v2\/users\/1"}],"replies":[{"embeddable":true,"href":"https:\/\/trema.hr\/index.php?rest_route=%2Fwp%2Fv2%2Fcomments&post=70"}],"version-history":[{"count":0,"href":"https:\/\/trema.hr\/index.php?rest_route=\/wp\/v2\/pages\/70\/revisions"}],"wp:attachment":[{"href":"https:\/\/trema.hr\/index.php?rest_route=%2Fwp%2Fv2%2Fmedia&parent=70"}],"curies":[{"name":"wp","href":"https:\/\/api.w.org\/{rel}","templated":true}]}}