{"id":54,"date":"2017-03-06T06:14:23","date_gmt":"2017-03-06T06:14:23","guid":{"rendered":"http:\/\/demo.acmethemes.com\/education-base-pro\/?page_id=397"},"modified":"2026-01-27T17:40:54","modified_gmt":"2026-01-27T16:40:54","slug":"sluzbeni-dokumenti","status":"publish","type":"page","link":"https:\/\/trema.hr\/?page_id=54","title":{"rendered":"Slu\u017ebeni dokumenti"},"content":{"rendered":"\n<p><\/p>\n\n\n<h3><a href=\"https:\/\/trema.hr\/?page_id=309\">DOKUMENTI \u0160KOLE<\/a><\/h3>\n<h3><a href=\"https:\/\/trema.hr\/?page_id=7858\">DOKUMENTI POTREBNI ZA POLAGANJE STRU\u010cNOG ISPITA\u00a0<\/a><\/h3>\n<h3><a href=\"https:\/\/trema.hr\/wp-content\/uploads\/2025\/04\/0-INFORMATIVNI-POPIS-PROPISA-KOJIMA-SE-UREDUJU-PRAVA-I-OBAVEZE-UCENIKA.docx\">INFORMATIVNI POPIS PROPISA KOJIMA SE URE\u0110UJU PRAVA I OBAVEZE U\u010cENIKA<\/a><\/h3>\n<h3><a href=\"https:\/\/trema.hr\/wp-content\/uploads\/2025\/03\/Odluka-o-imenovanju-Skolskog-sigurnosnog-tima.pdf\">ODLUKA O IMENOVANJU \u0160KOLSKOG SIGURNOSNOG TIMA<\/a><\/h3>\n<h3><a href=\"https:\/\/trema.hr\/wp-content\/uploads\/2025\/02\/Dokument1-1.docx\">ELABORAT O INTERNOM SUSTAVU I PROVEDBI UZBUNJIVANJA, OBAVJE\u0160\u0106IVANJA I PRIJEMU PRIOP\u0106ENJA<\/a><\/h3>\n\n\n<h3 class=\"wp-block-heading\"><a href=\"https:\/\/trema.hr\/?page_id=1077\">ODLUKE \u0160KOLSKOG ODBORA <\/a><\/h3>\n\n\n\n<h3 class=\"wp-block-heading\"><a href=\"https:\/\/trema.hr\/?page_id=9060\">FINANCIJSKI AKTI \u0160KOLE<\/a><\/h3>\n\n\n\n<h3 class=\"wp-block-heading\"><a href=\"https:\/\/trema.hr\/?page_id=1088\">PRAVILNICI I PROCEDURE<\/a><\/h3>\n\n\n\n<h3 class=\"wp-block-heading\"><a href=\"https:\/\/trema.hr\/?page_id=1106\">PROTOKOLI I PROPISI<\/a><\/h3>\n\n\n\n<h3 class=\"wp-block-heading\"><a href=\"https:\/\/trema.hr\/?page_id=9541\">IZVJE\u0160\u010cA O PROVEDBI ZAKONA O PRAVU NA PRISTUP INFORMACIJAMA<\/a><\/h3>\n\n\n\n<p><\/p>\n","protected":false},"excerpt":{"rendered":"<p>Ovdje mo\u017eete pogledati slu\u017ebene dokumente III. gimnazije, Split, a to su: odluke \u0160kolskog odbora, financijske aktove \u0161kole, pravilnike, propise, protokole, \u0161kolski kurikulum, godi\u0161nji plan i program i sl.<\/p>\n","protected":false},"author":2,"featured_media":0,"parent":60,"menu_order":0,"comment_status":"closed","ping_status":"closed","template":"","meta":{"footnotes":""},"class_list":["post-54","page","type-page","status-publish","hentry"],"_links":{"self":[{"href":"https:\/\/trema.hr\/index.php?rest_route=\/wp\/v2\/pages\/54","targetHints":{"allow":["GET"]}}],"collection":[{"href":"https:\/\/trema.hr\/index.php?rest_route=\/wp\/v2\/pages"}],"about":[{"href":"https:\/\/trema.hr\/index.php?rest_route=\/wp\/v2\/types\/page"}],"author":[{"embeddable":true,"href":"https:\/\/trema.hr\/index.php?rest_route=\/wp\/v2\/users\/2"}],"replies":[{"embeddable":true,"href":"https:\/\/trema.hr\/index.php?rest_route=%2Fwp%2Fv2%2Fcomments&post=54"}],"version-history":[{"count":54,"href":"https:\/\/trema.hr\/index.php?rest_route=\/wp\/v2\/pages\/54\/revisions"}],"predecessor-version":[{"id":9545,"href":"https:\/\/trema.hr\/index.php?rest_route=\/wp\/v2\/pages\/54\/revisions\/9545"}],"up":[{"embeddable":true,"href":"https:\/\/trema.hr\/index.php?rest_route=\/wp\/v2\/pages\/60"}],"wp:attachment":[{"href":"https:\/\/trema.hr\/index.php?rest_route=%2Fwp%2Fv2%2Fmedia&parent=54"}],"curies":[{"name":"wp","href":"https:\/\/api.w.org\/{rel}","templated":true}]}}