{"id":4712,"date":"2021-10-27T14:32:13","date_gmt":"2021-10-27T12:32:13","guid":{"rendered":"https:\/\/trema.hr\/?page_id=4712"},"modified":"2025-08-29T10:59:58","modified_gmt":"2025-08-29T08:59:58","slug":"borjanka","status":"publish","type":"page","link":"https:\/\/trema.hr\/?page_id=4712","title":{"rendered":"VOLONTERSKA AKCIJA PO\u0160UMLJAVANJA U SKLOPU PROJEKTA BORANKA"},"content":{"rendered":"<section class=\"gutentor-section gutentor-blog-post-wrapper blog-template1 wp-block-gutentor-blog-post\" id=\"section-132398f5-1842-4fe1-869c-751df8a67d36\" >\n<div class='grid-container'><div class=\"gutentor-block-header\"><div class=\"gutentor-section-title enable-title-design seperator-bottom text-center \"  >\n<h2 class=\"gutentor-title\">\n<\/h2>\n<\/div>\n<\/div><div class='gutentor-grid-item-wrap '  ><div class='grid-row ' ><article class='gutentor-post-no-thumb  grid-lg-6 grid-md-4 grid-12 blog-grid'><div class=\"gutentor-single-item\"><div class=\"gutentor-single-item-image-box\"><\/div><div class=\"gutentor-post-content\"><h3 class=\"gutentor-single-item-title\"><a href=\"https:\/\/trema.hr\/?p=8812\" rel=\"bookmark\">48. Boranka, Lozovac 11. 10. 2025.<\/a><\/h3><div class=\"entry-meta\"><div class=\"posted-on\"><i class=\"far fa-calendar-alt\"><\/i><a href=\"https:\/\/trema.hr\/?p=8812\" rel=\"bookmark\">15 listopada, 2025<\/a><\/div><div class=\"cat-links\"><i class=\"fas fa-tags\"><\/i><a href=\"https:\/\/trema.hr\/?cat=72\" rel=\"category\">Boranka<\/a>, <a href=\"https:\/\/trema.hr\/?cat=20\" rel=\"category\">Obavijesti<\/a><\/div><\/div><div class=\"gutentor-post-excerpt gutentor-single-item-desc\"><p class='gutentor-single-item-desc'>U\u010denici na\u0161e \u0161kole jo\u0161 jednom su pokazali koliko im je stalo do prirode i zajedni\u0161tva. Ovoga puta su&hellip;<\/p><\/div><a class=\"gutentor-button gutentor-single-item-button gutentor-icon-hide\"  href=\"https:\/\/trema.hr\/?p=8812\" href=\"https:\/\/trema.hr\/?p=8812\"><i class=\"gutentor-button-icon fas fa-book\" ><\/i><span>Detaljnije<\/span><\/a><\/div><\/div><\/article><article class='gutentor-post-no-thumb  grid-lg-6 grid-md-4 grid-12 blog-grid'><div class=\"gutentor-single-item\"><div class=\"gutentor-single-item-image-box\"><\/div><div class=\"gutentor-post-content\"><h3 class=\"gutentor-single-item-title\"><a href=\"https:\/\/trema.hr\/?p=6461\" rel=\"bookmark\">Boranka 2023.<\/a><\/h3><div class=\"entry-meta\"><div class=\"posted-on\"><i class=\"far fa-calendar-alt\"><\/i><a href=\"https:\/\/trema.hr\/?p=6461\" rel=\"bookmark\">10 listopada, 2023<\/a><\/div><div class=\"cat-links\"><i class=\"fas fa-tags\"><\/i><a href=\"https:\/\/trema.hr\/?cat=72\" rel=\"category\">Boranka<\/a>, <a href=\"https:\/\/trema.hr\/?cat=20\" rel=\"category\">Obavijesti<\/a><\/div><\/div><div class=\"gutentor-post-excerpt gutentor-single-item-desc\"><p class='gutentor-single-item-desc'>Ove subote, 30. rujna, ve\u0107 tre\u0107u godinu za redom, na\u0161i su u\u010denici u pratnji nastavnica Ines Alujevi\u0107&hellip;<\/p><\/div><a class=\"gutentor-button gutentor-single-item-button gutentor-icon-hide\"  href=\"https:\/\/trema.hr\/?p=6461\" href=\"https:\/\/trema.hr\/?p=6461\"><i class=\"gutentor-button-icon fas fa-book\" ><\/i><span>Detaljnije<\/span><\/a><\/div><\/div><\/article><article class='gutentor-post-no-thumb  grid-lg-6 grid-md-4 grid-12 blog-grid'><div class=\"gutentor-single-item\"><div class=\"gutentor-single-item-image-box\"><\/div><div class=\"gutentor-post-content\"><h3 class=\"gutentor-single-item-title\"><a href=\"https:\/\/trema.hr\/?p=7748\" rel=\"bookmark\">VOLONTERSKA AKCIJA PO\u0160UMLJAVANJA U SKLOPU PROJEKTA BORANKA 2021.<\/a><\/h3><div class=\"entry-meta\"><div class=\"posted-on\"><i class=\"far fa-calendar-alt\"><\/i><a href=\"https:\/\/trema.hr\/?p=7748\" rel=\"bookmark\">5 listopada, 2021<\/a><\/div><div class=\"cat-links\"><i class=\"fas fa-tags\"><\/i><a href=\"https:\/\/trema.hr\/?cat=72\" rel=\"category\">Boranka<\/a><\/div><\/div><div class=\"gutentor-post-excerpt gutentor-single-item-desc\"><p class='gutentor-single-item-desc'>U\u010denici na\u0161e \u0161kole su 23. 10. 2021. sudjelovali su u volonterskoj akciji po\u0161umljavanja u sklopu proj&hellip;<\/p><\/div><a class=\"gutentor-button gutentor-single-item-button gutentor-icon-hide\"  href=\"https:\/\/trema.hr\/?p=7748\" href=\"https:\/\/trema.hr\/?p=7748\"><i class=\"gutentor-button-icon fas fa-book\" ><\/i><span>Detaljnije<\/span><\/a><\/div><\/div><\/article><\/div><\/div><\/div><\/section>","protected":false},"excerpt":{"rendered":"","protected":false},"author":3,"featured_media":6439,"parent":0,"menu_order":0,"comment_status":"closed","ping_status":"closed","template":"","meta":{"footnotes":""},"class_list":["post-4712","page","type-page","status-publish","has-post-thumbnail","hentry"],"_links":{"self":[{"href":"https:\/\/trema.hr\/index.php?rest_route=\/wp\/v2\/pages\/4712","targetHints":{"allow":["GET"]}}],"collection":[{"href":"https:\/\/trema.hr\/index.php?rest_route=\/wp\/v2\/pages"}],"about":[{"href":"https:\/\/trema.hr\/index.php?rest_route=\/wp\/v2\/types\/page"}],"author":[{"embeddable":true,"href":"https:\/\/trema.hr\/index.php?rest_route=\/wp\/v2\/users\/3"}],"replies":[{"embeddable":true,"href":"https:\/\/trema.hr\/index.php?rest_route=%2Fwp%2Fv2%2Fcomments&post=4712"}],"version-history":[{"count":3,"href":"https:\/\/trema.hr\/index.php?rest_route=\/wp\/v2\/pages\/4712\/revisions"}],"predecessor-version":[{"id":7757,"href":"https:\/\/trema.hr\/index.php?rest_route=\/wp\/v2\/pages\/4712\/revisions\/7757"}],"wp:featuredmedia":[{"embeddable":true,"href":"https:\/\/trema.hr\/index.php?rest_route=\/wp\/v2\/media\/6439"}],"wp:attachment":[{"href":"https:\/\/trema.hr\/index.php?rest_route=%2Fwp%2Fv2%2Fmedia&parent=4712"}],"curies":[{"name":"wp","href":"https:\/\/api.w.org\/{rel}","templated":true}]}}

VOLONTERSKA AKCIJA POŠUMLJAVANJA U SKLOPU PROJEKTA BORANKA

<section class="gutentor-section gutentor-blog-post-wrapper blog-template1 wp-block-gutentor-blog-post" id="section-132398f5-1842-4fe1-869c-751df8a67d36" >
<div class='grid-container'><div class="gutentor-block-header"><div class="gutentor-section-title enable-title-design seperator-bottom text-center "  >
<h2 class="gutentor-title">
</h2>
</div>
</div><div class='gutentor-grid-item-wrap '  ><div class='grid-row ' ><article class='gutentor-post-no-thumb  grid-lg-6 grid-md-4 grid-12 blog-grid'><div class="gutentor-single-item"><div class="gutentor-single-item-image-box"></div><div class="gutentor-post-content"><h3 class="gutentor-single-item-title"><a href="https://trema.hr/?p=8812" rel="bookmark">48. Boranka, Lozovac 11. 10. 2025.</a></h3><div class="entry-meta"><div class="posted-on"><i class="far fa-calendar-alt"></i><a href="https://trema.hr/?p=8812" rel="bookmark">15 listopada, 2025</a></div><div class="cat-links"><i class="fas fa-tags"></i><a href="https://trema.hr/?cat=72" rel="category">Boranka</a>, <a href="https://trema.hr/?cat=20" rel="category">Obavijesti</a></div></div><div class="gutentor-post-excerpt gutentor-single-item-desc"><p class='gutentor-single-item-desc'>Učenici naše škole još jednom su pokazali koliko im je stalo do prirode i zajedništva. Ovoga puta su&hellip;</p></div><a class="gutentor-button gutentor-single-item-button gutentor-icon-hide"  href="https://trema.hr/?p=8812" href="https://trema.hr/?p=8812"><i class="gutentor-button-icon fas fa-book" ></i><span>Detaljnije</span></a></div></div></article><article class='gutentor-post-no-thumb  grid-lg-6 grid-md-4 grid-12 blog-grid'><div class="gutentor-single-item"><div class="gutentor-single-item-image-box"></div><div class="gutentor-post-content"><h3 class="gutentor-single-item-title"><a href="https://trema.hr/?p=6461" rel="bookmark">Boranka 2023.</a></h3><div class="entry-meta"><div class="posted-on"><i class="far fa-calendar-alt"></i><a href="https://trema.hr/?p=6461" rel="bookmark">10 listopada, 2023</a></div><div class="cat-links"><i class="fas fa-tags"></i><a href="https://trema.hr/?cat=72" rel="category">Boranka</a>, <a href="https://trema.hr/?cat=20" rel="category">Obavijesti</a></div></div><div class="gutentor-post-excerpt gutentor-single-item-desc"><p class='gutentor-single-item-desc'>Ove subote, 30. rujna, već treću godinu za redom, naši su učenici u pratnji nastavnica Ines Alujević&hellip;</p></div><a class="gutentor-button gutentor-single-item-button gutentor-icon-hide"  href="https://trema.hr/?p=6461" href="https://trema.hr/?p=6461"><i class="gutentor-button-icon fas fa-book" ></i><span>Detaljnije</span></a></div></div></article><article class='gutentor-post-no-thumb  grid-lg-6 grid-md-4 grid-12 blog-grid'><div class="gutentor-single-item"><div class="gutentor-single-item-image-box"></div><div class="gutentor-post-content"><h3 class="gutentor-single-item-title"><a href="https://trema.hr/?p=7748" rel="bookmark">VOLONTERSKA AKCIJA POŠUMLJAVANJA U SKLOPU PROJEKTA BORANKA 2021.</a></h3><div class="entry-meta"><div class="posted-on"><i class="far fa-calendar-alt"></i><a href="https://trema.hr/?p=7748" rel="bookmark">5 listopada, 2021</a></div><div class="cat-links"><i class="fas fa-tags"></i><a href="https://trema.hr/?cat=72" rel="category">Boranka</a></div></div><div class="gutentor-post-excerpt gutentor-single-item-desc"><p class='gutentor-single-item-desc'>Učenici naše škole su 23. 10. 2021. sudjelovali su u volonterskoj akciji pošumljavanja u sklopu proj&hellip;</p></div><a class="gutentor-button gutentor-single-item-button gutentor-icon-hide"  href="https://trema.hr/?p=7748" href="https://trema.hr/?p=7748"><i class="gutentor-button-icon fas fa-book" ></i><span>Detaljnije</span></a></div></div></article></div></div></div></section>
