{"id":3672,"date":"2021-03-11T08:48:43","date_gmt":"2021-03-11T07:48:43","guid":{"rendered":"https:\/\/trema.hr\/?page_id=3672"},"modified":"2021-03-15T16:55:10","modified_gmt":"2021-03-15T15:55:10","slug":"mjesec-hrvatske-knjige","status":"publish","type":"page","link":"https:\/\/trema.hr\/?page_id=3672","title":{"rendered":"Mjesec hrvatske knjige"},"content":{"rendered":"<p><strong>Mjesec hrvatske knjige<\/strong> je nacionalna manifestacija koja je posve\u0107ena prije svega knjizi, ali i knji\u017enicama. Tradicija njenog obilje\u017eavanja, od 15. listopada do 15. studenog, duga je ve\u0107 25 godina..\u00a0<em>Ovogodi\u0161nji moto <\/em>Mjeseca hrvatske knjige glasi: <em>Razlistaj se!<\/em>\u00a0Cjelokupni program posve\u0107en je planetu Zemlji, povodom 50. obljetnice obilje\u017eavanja Dana planeta Zemlje Svi zainteresirani pozvani su na sudjelovanje u kvizu znanja. Hrvatsko \u010ditateljsko dru\u0161tvo je organiziralo \u010citateljski maraton pod nazivom \u201eMinuta za \u010ditanje\u201c<\/p>\n<p><strong><a href=\"https:\/\/virtualno.hkdrustvo.hr\/dan-hrvatskih-knjiznica-2020\/\">Dan hrvatskih knji\u017enica<\/a><\/strong>\u00a0ustanovilo je Hrvatsko knji\u017eni\u010darsko dru\u0161tvo 2010. godine, a odr\u017eava se svake godine, 11. studenog, u spomen na obilje\u017eavanje datuma dono\u0161enja prvog hrvatskog zakona o knji\u017enicama. Prigodom obilje\u017eavanja Dana hrvatskih knji\u017enica, Hrvatsko knji\u017eni\u010darsko dru\u0161tvo dodjeljuje priznanje \u201eKnji\u017enica godine\u201c najboljoj knji\u017enici za ostvarene iznimne rezultate u podru\u010dju kreativnosti, inovativnosti i unapre\u0111ivanja kvalitete rada u hrvatskim knji\u017enicama.<\/p>\n<p><img loading=\"lazy\" decoding=\"async\" class=\"alignnone size-full wp-image-3738\" src=\"https:\/\/trema.hr\/wp-content\/uploads\/2021\/03\/MHK.png\" alt=\"\" width=\"638\" height=\"383\" \/><\/p>\n","protected":false},"excerpt":{"rendered":"<p>Mjesec hrvatske knjige je nacionalna manifestacija koja je posve\u0107ena prije svega knjizi, ali i knji\u017enicama. Tradicija njenog obilje\u017eavanja, od 15. listopada do 15. studenog, duga je ve\u0107 25 godina..\u00a0Ovogodi\u0161nji moto Mjeseca hrvatske knjige glasi: Razlistaj se!\u00a0Cjelokupni program posve\u0107en je planetu Zemlji, povodom 50. obljetnice obilje\u017eavanja Dana planeta Zemlje Svi zainteresirani pozvani su na sudjelovanje u&hellip;<\/p>\n","protected":false},"author":1,"featured_media":0,"parent":0,"menu_order":0,"comment_status":"closed","ping_status":"closed","template":"","meta":{"footnotes":""},"class_list":["post-3672","page","type-page","status-publish","hentry"],"_links":{"self":[{"href":"https:\/\/trema.hr\/index.php?rest_route=\/wp\/v2\/pages\/3672","targetHints":{"allow":["GET"]}}],"collection":[{"href":"https:\/\/trema.hr\/index.php?rest_route=\/wp\/v2\/pages"}],"about":[{"href":"https:\/\/trema.hr\/index.php?rest_route=\/wp\/v2\/types\/page"}],"author":[{"embeddable":true,"href":"https:\/\/trema.hr\/index.php?rest_route=\/wp\/v2\/users\/1"}],"replies":[{"embeddable":true,"href":"https:\/\/trema.hr\/index.php?rest_route=%2Fwp%2Fv2%2Fcomments&post=3672"}],"version-history":[{"count":0,"href":"https:\/\/trema.hr\/index.php?rest_route=\/wp\/v2\/pages\/3672\/revisions"}],"wp:attachment":[{"href":"https:\/\/trema.hr\/index.php?rest_route=%2Fwp%2Fv2%2Fmedia&parent=3672"}],"curies":[{"name":"wp","href":"https:\/\/api.w.org\/{rel}","templated":true}]}}

<p><strong>Mjesec hrvatske knjige</strong> je nacionalna manifestacija koja je posvećena prije svega knjizi, ali i knjižnicama. Tradicija njenog obilježavanja, od 15. listopada do 15. studenog, duga je već 25 godina.. <em>Ovogodišnji moto </em>Mjeseca hrvatske knjige glasi: <em>Razlistaj se!</em> Cjelokupni program posvećen je planetu Zemlji, povodom 50. obljetnice obilježavanja Dana planeta Zemlje Svi zainteresirani pozvani su na sudjelovanje u kvizu znanja. Hrvatsko čitateljsko društvo je organiziralo Čitateljski maraton pod nazivom „Minuta za čitanje“</p>
<p><strong><a href="https://virtualno.hkdrustvo.hr/dan-hrvatskih-knjiznica-2020/">Dan hrvatskih knjižnica</a></strong> ustanovilo je Hrvatsko knjižničarsko društvo 2010. godine, a održava se svake godine, 11. studenog, u spomen na obilježavanje datuma donošenja prvog hrvatskog zakona o knjižnicama. Prigodom obilježavanja Dana hrvatskih knjižnica, Hrvatsko knjižničarsko društvo dodjeljuje priznanje „Knjižnica godine“ najboljoj knjižnici za ostvarene iznimne rezultate u području kreativnosti, inovativnosti i unapređivanja kvalitete rada u hrvatskim knjižnicama.</p>
<p><img loading="lazy" decoding="async" class="alignnone size-full wp-image-3738" src="https://trema.hr/wp-content/uploads/2021/03/MHK.png" alt="" width="638" height="383" /></p>

<p>Mjesec hrvatske knjige je nacionalna manifestacija koja je posvećena prije svega knjizi, ali i knjižnicama. Tradicija njenog obilježavanja, od 15. listopada do 15. studenog, duga je već 25 godina.. Ovogodišnji moto Mjeseca hrvatske knjige glasi: Razlistaj se! Cjelokupni program posvećen je planetu Zemlji, povodom 50. obljetnice obilježavanja Dana planeta Zemlje Svi zainteresirani pozvani su na sudjelovanje u&hellip;</p>
