{"id":2756,"date":"2020-07-23T16:05:31","date_gmt":"2020-07-23T14:05:31","guid":{"rendered":"https:\/\/trema.hr\/?page_id=2756"},"modified":"2020-07-24T11:25:21","modified_gmt":"2020-07-24T09:25:21","slug":"odlikasi-na-drzavnoj-maturi","status":"publish","type":"page","link":"https:\/\/trema.hr\/?page_id=2756","title":{"rendered":"Odlika\u0161i na dr\u017eavnoj maturi"},"content":{"rendered":"<p>Na\u0161a je \u0161kola jo\u0161 jednom opravdala epitete kojima nas iz godine u godinu hvale \u2013 jedne od najboljih i najuspje\u0161nijih gimnazija u Republici Hrvatskoj. Tome u prilog svjedo\u010di i izvrstan uspjeh ove generacije na ispitima dr\u017eavne mature te, napose, ostvarenja na\u0161ih izvanrednih pojedinaca.<\/p>\n<p>Premda su na\u0161i u\u010denici skloniji prirodoslovno-matemati\u010dkom podru\u010dju, sjajne su rezultate postigli iz svih predmeta: \u010dak 23 maturanta odli\u010dnom su ocjenom polo\u017eila sve obvezne ispite dr\u017eavne mature, 6 je u\u010denika ostvarilo stopostotni rezultat (Ivan Biuk, Darijan Gudelj, Marko Korda i Nika Tintor iz Matematike te Franko Ba\u010di\u0107 i Kristina Gute\u0161a iz Engleskoga jezika), a uz njih prvi rang u generaciji ostvarili su i u\u010denici Zvonimir Dela\u0161 (Informatika) te Barbara Sumi\u0107 (Kemija).<\/p>\n<p>Znanje i uspjeh ne dolaze preko no\u0107i, rezultat su \u010detverogodi\u0161njega redovitog rada, zalaganja i motiviranosti u\u010denika te predanosti i stru\u010dnosti njihovih profesora i mentora, tako da ni ova neobi\u010dna\u00a0 i neizvjesna \u0161kolska godina zaklju\u010dena izvan \u0161kolskih klupa nije sprije\u010dila na\u0161ih 152 maturanata da jo\u0161 jednom doka\u017eu kako pripadaju samome vrhu.<\/p>\n<h3><\/h3>\n<div id='gallery-1' class='gallery galleryid-2756 gallery-columns-3 gallery-size-thumbnail'><figure class='gallery-item'>\n\t\t\t<div class='gallery-icon landscape'>\n\t\t\t\t<a href='https:\/\/trema.hr\/?attachment_id=2757'><img loading=\"lazy\" decoding=\"async\" width=\"150\" height=\"150\" src=\"https:\/\/trema.hr\/wp-content\/uploads\/2020\/07\/Odlika\u0161i-iz-4.a-150x150.jpg\" class=\"attachment-thumbnail size-thumbnail\" alt=\"\" aria-describedby=\"gallery-1-2757\" srcset=\"https:\/\/trema.hr\/wp-content\/uploads\/2020\/07\/Odlika\u0161i-iz-4.a-150x150.jpg 150w, https:\/\/trema.hr\/wp-content\/uploads\/2020\/07\/Odlika\u0161i-iz-4.a-300x300.jpg 300w, https:\/\/trema.hr\/wp-content\/uploads\/2020\/07\/Odlika\u0161i-iz-4.a-1024x1024.jpg 1024w\" sizes=\"auto, (max-width: 150px) 100vw, 150px\" \/><\/a>\n\t\t\t<\/div>\n\t\t\t\t<figcaption class='wp-caption-text gallery-caption' id='gallery-1-2757'>\n\t\t\t\tToma Draganja, Luka Buli\u0107 Bra\u010dulj, Mirko Vilibi\u0107, Martin Ivan Su\u010di\u0107, Franko Ba\u010di\u0107 i Luka Kolak\n\t\t\t\t<\/figcaption><\/figure><figure class='gallery-item'>\n\t\t\t<div class='gallery-icon portrait'>\n\t\t\t\t<a href='https:\/\/trema.hr\/?attachment_id=2758'><img loading=\"lazy\" decoding=\"async\" width=\"150\" height=\"150\" src=\"https:\/\/trema.hr\/wp-content\/uploads\/2020\/07\/Odlika\u0161i-iz-4.e-150x150.jpg\" class=\"attachment-thumbnail size-thumbnail\" alt=\"\" aria-describedby=\"gallery-1-2758\" srcset=\"https:\/\/trema.hr\/wp-content\/uploads\/2020\/07\/Odlika\u0161i-iz-4.e-150x150.jpg 150w, https:\/\/trema.hr\/wp-content\/uploads\/2020\/07\/Odlika\u0161i-iz-4.e-300x300.jpg 300w, https:\/\/trema.hr\/wp-content\/uploads\/2020\/07\/Odlika\u0161i-iz-4.e-1024x1024.jpg 1024w\" sizes=\"auto, (max-width: 150px) 100vw, 150px\" \/><\/a>\n\t\t\t<\/div>\n\t\t\t\t<figcaption class='wp-caption-text gallery-caption' id='gallery-1-2758'>\n\t\t\t\tMarko Korda, Nada Raki\u0107 i Ivan Biuk\n\t\t\t\t<\/figcaption><\/figure><figure class='gallery-item'>\n\t\t\t<div class='gallery-icon landscape'>\n\t\t\t\t<a href='https:\/\/trema.hr\/?attachment_id=2759'><img loading=\"lazy\" decoding=\"async\" width=\"150\" height=\"150\" src=\"https:\/\/trema.hr\/wp-content\/uploads\/2020\/07\/Odlika\u0161i-iz-4.f-150x150.jpg\" class=\"attachment-thumbnail size-thumbnail\" alt=\"\" aria-describedby=\"gallery-1-2759\" srcset=\"https:\/\/trema.hr\/wp-content\/uploads\/2020\/07\/Odlika\u0161i-iz-4.f-150x150.jpg 150w, https:\/\/trema.hr\/wp-content\/uploads\/2020\/07\/Odlika\u0161i-iz-4.f-300x300.jpg 300w, https:\/\/trema.hr\/wp-content\/uploads\/2020\/07\/Odlika\u0161i-iz-4.f-1024x1024.jpg 1024w\" sizes=\"auto, (max-width: 150px) 100vw, 150px\" \/><\/a>\n\t\t\t<\/div>\n\t\t\t\t<figcaption class='wp-caption-text gallery-caption' id='gallery-1-2759'>\n\t\t\t\tPetar Novak, Matej Emanuel Krakan, Antea Duvnjak, Barbara Sumi\u0107 i Vice \u0160eman\n\t\t\t\t<\/figcaption><\/figure><figure class='gallery-item'>\n\t\t\t<div class='gallery-icon landscape'>\n\t\t\t\t<a href='https:\/\/trema.hr\/?attachment_id=2760'><img loading=\"lazy\" decoding=\"async\" width=\"150\" height=\"150\" src=\"https:\/\/trema.hr\/wp-content\/uploads\/2020\/07\/Odlika\u0161i-iz-4.-c-150x150.jpg\" class=\"attachment-thumbnail size-thumbnail\" alt=\"\" aria-describedby=\"gallery-1-2760\" srcset=\"https:\/\/trema.hr\/wp-content\/uploads\/2020\/07\/Odlika\u0161i-iz-4.-c-150x150.jpg 150w, https:\/\/trema.hr\/wp-content\/uploads\/2020\/07\/Odlika\u0161i-iz-4.-c-300x300.jpg 300w, https:\/\/trema.hr\/wp-content\/uploads\/2020\/07\/Odlika\u0161i-iz-4.-c-1024x1024.jpg 1024w\" sizes=\"auto, (max-width: 150px) 100vw, 150px\" \/><\/a>\n\t\t\t<\/div>\n\t\t\t\t<figcaption class='wp-caption-text gallery-caption' id='gallery-1-2760'>\n\t\t\t\tLucija Garmaz, Darijan Gudelj, Nikolina Radovnikovi\u0107, i Stella Bali\u0107\n\t\t\t\t<\/figcaption><\/figure>\n\t\t<\/div>\n\n<h3><b>4. A<\/b><\/h3>\n<p><strong><u>OBVEZNI PREDMETI \u2013 odli\u010dni u\u010denici: <\/u><\/strong><\/p>\n<ol>\n<li>Luka Buli\u0107 Bra\u010dulj<\/li>\n<li>Toma Draganja<\/li>\n<li>Kristina Gute\u0161a<\/li>\n<li>Luka Kolak<\/li>\n<li>Martin Ivan Su\u010di\u0107<\/li>\n<li>Nika Utrobi\u010di\u0107<\/li>\n<li>Mirko Vilibi\u0107<\/li>\n<\/ol>\n<p><strong><u>OBVEZNI PREDMETI 100%<\/u><\/strong><\/p>\n<ol>\n<li>Nika Tintor \u2013 matematika<\/li>\n<li>Franko Ba\u010di\u0107 \u2013 engleski jezik<\/li>\n<li>Kristina Gute\u0161a \u2013 engleski jezik<\/li>\n<\/ol>\n<h3><strong>4.B<\/strong><\/h3>\n<p><strong><u>OBVEZNI PREDMETI \u2013 odli\u010dni u\u010denici: <\/u><\/strong><\/p>\n<ol>\n<li>Anita D\u017eaja<\/li>\n<li>Ivana Govoru\u0161i\u0107<\/li>\n<li>Mislav Toki\u0107<\/li>\n<li>Anteo Vukasovi\u0107<\/li>\n<\/ol>\n<p><strong>\u00a0<\/strong><\/p>\n<h3><strong>4.C<\/strong><\/h3>\n<p><strong><u>OBVEZNI PREDMETI \u2013 odli\u010dni u\u010denici<\/u>:<\/strong><\/p>\n<ol>\n<li>Stella Bali\u0107<\/li>\n<li>Lucija Garmaz<\/li>\n<li>Nikolina Radovnikovi\u0107<\/li>\n<\/ol>\n<p><strong><u>OBVEZNI PREDMET<\/u><u>I 100%<\/u><\/strong><\/p>\n<ol>\n<li>Darijan Gudelj \u2013 matematika, 98.33% fizika<\/li>\n<\/ol>\n<p><strong>\u00a0<\/strong><\/p>\n<h3><strong>4.D<\/strong><\/h3>\n<p><strong><u>OBVEZNI PREDMETI \u2013 odli\u010dni u\u010denici: <\/u><\/strong><\/p>\n<ol>\n<li>Frane \u0106etkovi\u0107<\/li>\n<li>Petra Kova\u010di\u0107<\/li>\n<\/ol>\n<p><u>ostvarili 1. rang u generaciji:<\/u><\/p>\n<ol>\n<li>Dela\u0161 Zvonimir- informatika (98%)<\/li>\n<\/ol>\n<p><strong>\u00a0<\/strong><\/p>\n<h3><strong>4.E<\/strong><\/h3>\n<p><strong><u>OBVEZNI PREDMETI \u2013 odli\u010dni u\u010denici: <\/u><\/strong><\/p>\n<ol>\n<li>Ivan Biuk<\/li>\n<li>Nada Raki\u0107<\/li>\n<\/ol>\n<p><strong>\u00a0<\/strong><\/p>\n<p><strong><u>OBVEZNI PREDMETI 100%<\/u><\/strong><\/p>\n<ol>\n<li>Ivan Biuk (matematika)<\/li>\n<li>Marko Korda (matematika)<\/li>\n<\/ol>\n<h3><strong>4.F<\/strong><\/h3>\n<p><strong><u>OBVEZNI PREDMETI \u2013 odli\u010dni u\u010denici: <\/u><\/strong><\/p>\n<ol>\n<li>Antea Duvnjak<\/li>\n<li>Matej Emanuel Krakan<\/li>\n<li>Petar Novak<\/li>\n<li>Barbara Sumi\u0107<\/li>\n<li>Vice \u0160eman<\/li>\n<\/ol>\n<p><strong><u>ostvarili 1. rang u generaciji:<\/u><\/strong><\/p>\n<ol>\n<li>Barbara Sumi\u0107- kemija (98.57%)<\/li>\n<\/ol>\n","protected":false},"excerpt":{"rendered":"<p>Na\u0161a je \u0161kola jo\u0161 jednom opravdala epitete kojima nas iz godine u godinu hvale \u2013 jedne od najboljih i najuspje\u0161nijih gimnazija u Republici Hrvatskoj. Tome u prilog svjedo\u010di i izvrstan uspjeh ove generacije na ispitima dr\u017eavne mature te, napose, ostvarenja na\u0161ih izvanrednih pojedinaca. Premda su na\u0161i u\u010denici skloniji prirodoslovno-matemati\u010dkom podru\u010dju, sjajne su rezultate postigli iz&hellip;<\/p>\n","protected":false},"author":1,"featured_media":10,"parent":0,"menu_order":0,"comment_status":"closed","ping_status":"closed","template":"","meta":{"footnotes":""},"class_list":["post-2756","page","type-page","status-publish","has-post-thumbnail","hentry"],"_links":{"self":[{"href":"https:\/\/trema.hr\/index.php?rest_route=\/wp\/v2\/pages\/2756","targetHints":{"allow":["GET"]}}],"collection":[{"href":"https:\/\/trema.hr\/index.php?rest_route=\/wp\/v2\/pages"}],"about":[{"href":"https:\/\/trema.hr\/index.php?rest_route=\/wp\/v2\/types\/page"}],"author":[{"embeddable":true,"href":"https:\/\/trema.hr\/index.php?rest_route=\/wp\/v2\/users\/1"}],"replies":[{"embeddable":true,"href":"https:\/\/trema.hr\/index.php?rest_route=%2Fwp%2Fv2%2Fcomments&post=2756"}],"version-history":[{"count":0,"href":"https:\/\/trema.hr\/index.php?rest_route=\/wp\/v2\/pages\/2756\/revisions"}],"wp:featuredmedia":[{"embeddable":true,"href":"https:\/\/trema.hr\/index.php?rest_route=\/wp\/v2\/media\/10"}],"wp:attachment":[{"href":"https:\/\/trema.hr\/index.php?rest_route=%2Fwp%2Fv2%2Fmedia&parent=2756"}],"curies":[{"name":"wp","href":"https:\/\/api.w.org\/{rel}","templated":true}]}}