{"id":2088,"date":"2020-05-06T08:46:23","date_gmt":"2020-05-06T06:46:23","guid":{"rendered":"https:\/\/trema.hr\/?page_id=2088"},"modified":"2026-05-08T18:31:21","modified_gmt":"2026-05-08T16:31:21","slug":"akcije-crvenog-kriza","status":"publish","type":"page","link":"https:\/\/trema.hr\/?page_id=2088","title":{"rendered":"VOLONTERI CRVENOG KRI\u017dA III. GIMNAZIJE, SPLITA"},"content":{"rendered":"<p>Ostvarujemo humanitarne ciljeve i zada\u0107e na podru\u010dju unapre\u0111enja zdravlja, socijalne skrbi te zdravstvenog i humanitarnog odgoja. Sakupljamo hranu i higijenske potrep\u0161tine. Provodimo ankete o zdravlju i mjerimo krvni pritisak. Sudjelujemo i uspje\u0161ni smo u natjecanju koje organizira Crveni kri\u017e.<\/p>\n\n\n<section id=\"section-e8f402f1-7836-4dbf-a0a3-9c9e94a7dc1e\" class=\"wp-block-gutentor-gallery gutentor-section gutentor-gallery gutentor-gallery-wrapper enable-masonry gallery-template1\"><div class=\"grid-container\"><div class=\"gutentor-block-header\"><div class=\"gutentor-section-title enable-title-design seperator-bottom text-center\"><h2 class=\"gutentor-title\"><\/h2><\/div><\/div><div class=\"grid-row gutentor-grid-item-wrap full-width-row\"><div class=\"gutentor-gallery-item grid-lg-4 grid-md-4 grid-12\"><div class=\"gutentor-single-item gutentor-image gutentor-single-item-0\"><div class=\"gutentor-gallery-item-wrap\"><div class=\"gutentor-single-item-image-box\"><div class=\"gutentor-image-thumb\"><img loading=\"lazy\" decoding=\"async\" class=\"normal-image\" src=\"https:\/\/trema.hr\/wp-content\/uploads\/2020\/05\/z7-e1589296382979.jpg\" alt=\"\" height=\"1600\" width=\"1176\"\/><\/div><\/div><div class=\"gutentor-single-item-content\"><div class=\"gutentor-gallery-item-header\"><h3 class=\"gutentor-single-item-title\"><\/h3><a href=\"https:\/\/trema.hr\/wp-content\/uploads\/2020\/05\/z7-e1589296382979.jpg\" class=\"image-gallery\"><i class=\"gallery-icon fas fa-search\"><\/i><\/a><\/div><div class=\"gutentor-gallery-item-desc\"><p class=\"gutentor-single-item-desc\"><\/p><\/div><\/div><\/div><\/div><\/div><\/div><\/div><\/section>\n\n\n<section class=\"gutentor-section gutentor-blog-post-wrapper blog-template1 wp-block-gutentor-blog-post\" id=\"section-bd06524c-975c-4a65-ac60-d0e44b4e67bf\" >\n<div class='grid-container'><div class=\"gutentor-block-header\"><div class=\"gutentor-section-title enable-title-design seperator-bottom text-center \"  >\n<h2 class=\"gutentor-title\">\nAktivnosti <\/h2>\n<\/div>\n<\/div><div class='gutentor-grid-item-wrap '  ><div class='grid-row ' ><article class='gutentor-post-no-thumb  grid-md-4 grid-sm-4 grid-xs-12 blog-grid'><div class=\"gutentor-single-item\"><div class=\"gutentor-single-item-image-box\"><\/div><div class=\"gutentor-post-content\"><h3 class=\"gutentor-single-item-title\"><a href=\"https:\/\/trema.hr\/?p=9834\" rel=\"bookmark\">Jo\u0161 jedna uspje\u0161na humanitarna akcija: \u201eSvaki razred jedna namirnica\u201c<\/a><\/h3><div class=\"entry-meta\"><div class=\"posted-on\"><i class=\"far fa-calendar-alt\"><\/i><a href=\"https:\/\/trema.hr\/?p=9834\" rel=\"bookmark\">20 travnja, 2026<\/a><\/div><\/div><div class=\"gutentor-post-excerpt gutentor-single-item-desc\"><p class='gutentor-single-item-desc'>Kao i svake godine, na\u0161a \u0161kola ponovno je pokazala veliko srce sudjeluju\u0107i u humanitarnoj akciji pri&hellip;<\/p><\/div><a class=\"gutentor-button gutentor-single-item-button gutentor-icon-hide\"  href=\"https:\/\/trema.hr\/?p=9834\" href=\"https:\/\/trema.hr\/?p=9834\"><i class=\"gutentor-button-icon fas fa-book\" ><\/i><span>Op\u0161irnije<\/span><\/a><\/div><\/div><\/article><article class='gutentor-post-no-thumb  grid-md-4 grid-sm-4 grid-xs-12 blog-grid'><div class=\"gutentor-single-item\"><div class=\"gutentor-single-item-image-box\"><\/div><div class=\"gutentor-post-content\"><h3 class=\"gutentor-single-item-title\"><a href=\"https:\/\/trema.hr\/?p=9677\" rel=\"bookmark\">GRADSKO NATJECANJE CRVENOG KRI\u017dA<\/a><\/h3><div class=\"entry-meta\"><div class=\"posted-on\"><i class=\"far fa-calendar-alt\"><\/i><a href=\"https:\/\/trema.hr\/?p=9677\" rel=\"bookmark\">18 o\u017eujka, 2026<\/a><\/div><\/div><div class=\"gutentor-post-excerpt gutentor-single-item-desc\"><p class='gutentor-single-item-desc'>Gradsko natjecanje mladih Crvenog kri\u017ea odr\u017ealo se 14. o\u017eujka 2026. godine udvorani O\u0160 Ravne njive \u2013&hellip;<\/p><\/div><a class=\"gutentor-button gutentor-single-item-button gutentor-icon-hide\"  href=\"https:\/\/trema.hr\/?p=9677\" href=\"https:\/\/trema.hr\/?p=9677\"><i class=\"gutentor-button-icon fas fa-book\" ><\/i><span>Op\u0161irnije<\/span><\/a><\/div><\/div><\/article><article class='gutentor-post-no-thumb  grid-md-4 grid-sm-4 grid-xs-12 blog-grid'><div class=\"gutentor-single-item\"><div class=\"gutentor-single-item-image-box\"><\/div><div class=\"gutentor-post-content\"><h3 class=\"gutentor-single-item-title\"><a href=\"https:\/\/trema.hr\/?p=7003\" rel=\"bookmark\">akcija darivanja krvi<\/a><\/h3><div class=\"entry-meta\"><div class=\"posted-on\"><i class=\"far fa-calendar-alt\"><\/i><a href=\"https:\/\/trema.hr\/?p=7003\" rel=\"bookmark\">21 o\u017eujka, 2024<\/a><\/div><\/div><div class=\"gutentor-post-excerpt gutentor-single-item-desc\"><p class='gutentor-single-item-desc'>Na akciji darivanja krvi na kojoj su sudjelovali u\u010denici na\u0161e \u0161kole i Graditeljsko-geodetske \u0161kole, &hellip;<\/p><\/div><a class=\"gutentor-button gutentor-single-item-button gutentor-icon-hide\"  href=\"https:\/\/trema.hr\/?p=7003\" href=\"https:\/\/trema.hr\/?p=7003\"><i class=\"gutentor-button-icon fas fa-book\" ><\/i><span>Op\u0161irnije<\/span><\/a><\/div><\/div><\/article><article class='gutentor-post-no-thumb  grid-md-4 grid-sm-4 grid-xs-12 blog-grid'><div class=\"gutentor-single-item\"><div class=\"gutentor-single-item-image-box\"><\/div><div class=\"gutentor-post-content\"><h3 class=\"gutentor-single-item-title\"><a href=\"https:\/\/trema.hr\/?p=6161\" rel=\"bookmark\">Dobrovoljno darivanje krvi<\/a><\/h3><div class=\"entry-meta\"><div class=\"posted-on\"><i class=\"far fa-calendar-alt\"><\/i><a href=\"https:\/\/trema.hr\/?p=6161\" rel=\"bookmark\">2 lipnja, 2023<\/a><\/div><\/div><div class=\"gutentor-post-excerpt gutentor-single-item-desc\"><p class='gutentor-single-item-desc'>&#8220;I moja kaplja poma\u017ee ga tkati\u201d dio je vala dobrote kojem su se priklju\u010dili maturanti u jednoj od sv&hellip;<\/p><\/div><a class=\"gutentor-button gutentor-single-item-button gutentor-icon-hide\"  href=\"https:\/\/trema.hr\/?p=6161\" href=\"https:\/\/trema.hr\/?p=6161\"><i class=\"gutentor-button-icon fas fa-book\" ><\/i><span>Op\u0161irnije<\/span><\/a><\/div><\/div><\/article><article class='gutentor-post-no-thumb  grid-md-4 grid-sm-4 grid-xs-12 blog-grid'><div class=\"gutentor-single-item\"><div class=\"gutentor-single-item-image-box\"><\/div><div class=\"gutentor-post-content\"><h3 class=\"gutentor-single-item-title\"><a href=\"https:\/\/trema.hr\/?p=6153\" rel=\"bookmark\">Tjedan Crvenog kri\u017ea<\/a><\/h3><div class=\"entry-meta\"><div class=\"posted-on\"><i class=\"far fa-calendar-alt\"><\/i><a href=\"https:\/\/trema.hr\/?p=6153\" rel=\"bookmark\">30 svibnja, 2023<\/a><\/div><\/div><div class=\"gutentor-post-excerpt gutentor-single-item-desc\"><p class='gutentor-single-item-desc'><\/p><\/div><a class=\"gutentor-button gutentor-single-item-button gutentor-icon-hide\"  href=\"https:\/\/trema.hr\/?p=6153\" href=\"https:\/\/trema.hr\/?p=6153\"><i class=\"gutentor-button-icon fas fa-book\" ><\/i><span>Op\u0161irnije<\/span><\/a><\/div><\/div><\/article><article class='gutentor-post-no-thumb  grid-md-4 grid-sm-4 grid-xs-12 blog-grid'><div class=\"gutentor-single-item\"><div class=\"gutentor-single-item-image-box\"><\/div><div class=\"gutentor-post-content\"><h3 class=\"gutentor-single-item-title\"><a href=\"https:\/\/trema.hr\/?p=3485\" rel=\"bookmark\">Akcija dobrovoljnog darivanja krvi ,,I ti si ne\u010diji tip\u201d<\/a><\/h3><div class=\"entry-meta\"><div class=\"posted-on\"><i class=\"far fa-calendar-alt\"><\/i><a href=\"https:\/\/trema.hr\/?p=3485\" rel=\"bookmark\">18 velja\u010de, 2021<\/a><\/div><\/div><div class=\"gutentor-post-excerpt gutentor-single-item-desc\"><p class='gutentor-single-item-desc'>Proslavili smo Valentinovo u na\u0161oj \u0161koli na najbolji na\u010din. Povezali smo srca, niti i kaplje crvene &hellip;<\/p><\/div><a class=\"gutentor-button gutentor-single-item-button gutentor-icon-hide\"  href=\"https:\/\/trema.hr\/?p=3485\" href=\"https:\/\/trema.hr\/?p=3485\"><i class=\"gutentor-button-icon fas fa-book\" ><\/i><span>Op\u0161irnije<\/span><\/a><\/div><\/div><\/article><\/div><\/div><\/div><\/section>","protected":false},"excerpt":{"rendered":"<p>Promi\u010demo humanost, zdravlje i socijalnu osjetljivost kroz prikupljanje pomo\u0107i, zdravstvene aktivnosti i sudjelovanje na natjecanjima Crvenoga kri\u017ea.<\/p>\n","protected":false},"author":1,"featured_media":9678,"parent":0,"menu_order":0,"comment_status":"closed","ping_status":"closed","template":"","meta":{"footnotes":""},"class_list":["post-2088","page","type-page","status-publish","has-post-thumbnail","hentry"],"_links":{"self":[{"href":"https:\/\/trema.hr\/index.php?rest_route=\/wp\/v2\/pages\/2088","targetHints":{"allow":["GET"]}}],"collection":[{"href":"https:\/\/trema.hr\/index.php?rest_route=\/wp\/v2\/pages"}],"about":[{"href":"https:\/\/trema.hr\/index.php?rest_route=\/wp\/v2\/types\/page"}],"author":[{"embeddable":true,"href":"https:\/\/trema.hr\/index.php?rest_route=\/wp\/v2\/users\/1"}],"replies":[{"embeddable":true,"href":"https:\/\/trema.hr\/index.php?rest_route=%2Fwp%2Fv2%2Fcomments&post=2088"}],"version-history":[{"count":3,"href":"https:\/\/trema.hr\/index.php?rest_route=\/wp\/v2\/pages\/2088\/revisions"}],"predecessor-version":[{"id":10017,"href":"https:\/\/trema.hr\/index.php?rest_route=\/wp\/v2\/pages\/2088\/revisions\/10017"}],"wp:featuredmedia":[{"embeddable":true,"href":"https:\/\/trema.hr\/index.php?rest_route=\/wp\/v2\/media\/9678"}],"wp:attachment":[{"href":"https:\/\/trema.hr\/index.php?rest_route=%2Fwp%2Fv2%2Fmedia&parent=2088"}],"curies":[{"name":"wp","href":"https:\/\/api.w.org\/{rel}","templated":true}]}}