{"id":1420,"date":"2020-04-28T09:39:17","date_gmt":"2020-04-28T07:39:17","guid":{"rendered":"https:\/\/trema.hr\/?page_id=1420"},"modified":"2021-09-30T19:24:58","modified_gmt":"2021-09-30T17:24:58","slug":"skolski-list-trema","status":"publish","type":"page","link":"https:\/\/trema.hr\/?page_id=1420","title":{"rendered":"\u0160kolski list TREMA"},"content":{"rendered":"<p style=\"text-align: center;\"><a href=\"http:\/\/skolskilist.trema.hr\/\">Online izdanje \u0161kolskog lista Trema<\/a><\/p>\n<p><a href=\"http:\/\/skolskilist.trema.hr\/\"><img loading=\"lazy\" decoding=\"async\" class=\"wp-image-3475 aligncenter\" src=\"https:\/\/trema.hr\/wp-content\/uploads\/2021\/02\/cropped-LogoZaCAsopis02.jpg\" alt=\"\" width=\"388\" height=\"129\" srcset=\"https:\/\/trema.hr\/wp-content\/uploads\/2021\/02\/cropped-LogoZaCAsopis02.jpg 1500w, https:\/\/trema.hr\/wp-content\/uploads\/2021\/02\/cropped-LogoZaCAsopis02-768x255.jpg 768w\" sizes=\"auto, (max-width: 388px) 100vw, 388px\" \/><\/a><\/p>\n<p>Osmi\u0161ljavanjem sadr\u017eaja nove Treme po\u010dinje ve\u0107 na po\u010detku \u0161kolske godine pod budnim okom profesorice Krunoslave Tadin Andromak, dugogodi\u0161nje mentorice i voditeljice novinarske grupe.<\/p>\n<p>Sve koji sudjeluju u radu ove grupe tome su jako posve\u0107eni jer je Trema proizvod cijelog tima, a najvi\u0161e zahvaljuju\u0107i na\u0161oj dragoj profesorici Tadin koja nesebi\u010dno posve\u0107uje svoje vrijeme stvaraju\u0107i ozra\u010dje aktivnog pisanja.<\/p>\n<p>Uskoro \u0107ete imati priliku u\u017eivati \u010ditaju\u0107i online izdanje, na\u0161im autorima poru\u010dujemo pi\u0161ite kako bi drugi u\u017eivali .<\/p>\n\n\n<section id=\"section-9666bef3-8714-4a93-bd6f-5bc54c784ee0\" class=\"wp-block-gutentor-gallery gutentor-section gutentor-gallery gutentor-gallery-wrapper enable-masonry gallery-template1\"><div class=\"grid-container\"><div class=\"gutentor-block-header\"><div class=\"gutentor-section-title enable-title-design seperator-bottom text-center\"><h2 class=\"gutentor-title\">\u0160kolski list<\/h2><\/div><\/div><div class=\"grid-row gutentor-grid-item-wrap full-width-row\"><div class=\"gutentor-gallery-item grid-lg-4 grid-md-4 grid-12\"><div class=\"gutentor-single-item gutentor-image gutentor-single-item-0\"><div class=\"gutentor-gallery-item-wrap\"><div class=\"gutentor-single-item-image-box\"><div class=\"gutentor-image-thumb\"><img decoding=\"async\" class=\"normal-image\" src=\"https:\/\/trema.hr\/wp-content\/uploads\/2020\/05\/trema2008_naslovnica.jpg\" alt=\"\"\/><\/div><\/div><div class=\"gutentor-single-item-content\"><div class=\"gutentor-gallery-item-header\"><h3 class=\"gutentor-single-item-title\">Naslovnica \u0161kolskog lista Trema <\/h3><a href=\"https:\/\/trema.hr\/wp-content\/uploads\/2020\/05\/trema2008_naslovnica.jpg\" class=\"image-gallery\"><i class=\"gallery-icon fas fa-search\"><\/i><\/a><\/div><div class=\"gutentor-gallery-item-desc\"><p class=\"gutentor-single-item-desc\">br.18<\/p><\/div><\/div><\/div><\/div><\/div><div class=\"gutentor-gallery-item grid-lg-4 grid-md-4 grid-12\"><div class=\"gutentor-single-item gutentor-image gutentor-single-item-1\"><div class=\"gutentor-gallery-item-wrap\"><div class=\"gutentor-single-item-image-box\"><div class=\"gutentor-image-thumb\"><img decoding=\"async\" class=\"normal-image\" src=\"https:\/\/trema.hr\/wp-content\/uploads\/2020\/05\/trema2011_naslovnica.jpg\" alt=\"\"\/><\/div><\/div><div class=\"gutentor-single-item-content\"><div class=\"gutentor-gallery-item-header\"><h3 class=\"gutentor-single-item-title\">Naslovnica \u0161kolskog lista Trema<\/h3><a href=\"https:\/\/trema.hr\/wp-content\/uploads\/2020\/05\/trema2011_naslovnica.jpg\" class=\"image-gallery\"><i class=\"gallery-icon fas fa-search\"><\/i><\/a><\/div><div class=\"gutentor-gallery-item-desc\"><p class=\"gutentor-single-item-desc\">br.21<\/p><\/div><\/div><\/div><\/div><\/div><div class=\"gutentor-gallery-item grid-lg-4 grid-md-4 grid-12\"><div class=\"gutentor-single-item gutentor-image gutentor-single-item-2\"><div class=\"gutentor-gallery-item-wrap\"><div class=\"gutentor-single-item-image-box\"><div class=\"gutentor-image-thumb\"><img decoding=\"async\" class=\"normal-image\" src=\"https:\/\/trema.hr\/wp-content\/uploads\/2020\/05\/trema2007_naslovnica.jpg\" alt=\"\"\/><\/div><\/div><div class=\"gutentor-single-item-content\"><div class=\"gutentor-gallery-item-header\"><h3 class=\"gutentor-single-item-title\">Naslovnica \u0161kolskog lista Trema<\/h3><a href=\"https:\/\/trema.hr\/wp-content\/uploads\/2020\/05\/trema2007_naslovnica.jpg\" class=\"image-gallery\"><i class=\"gallery-icon fas fa-search\"><\/i><\/a><\/div><div class=\"gutentor-gallery-item-desc\"><p class=\"gutentor-single-item-desc\">br.17<\/p><\/div><\/div><\/div><\/div><\/div><\/div><\/div><\/section>\n","protected":false},"excerpt":{"rendered":"<p>Mio\u010di\u0107i su ponosni na svoj \u0161kolski list Trema, koji uskoro izlazi<br \/>\nu online izdanju.<\/p>\n","protected":false},"author":1,"featured_media":4507,"parent":1660,"menu_order":0,"comment_status":"closed","ping_status":"closed","template":"","meta":{"footnotes":""},"class_list":["post-1420","page","type-page","status-publish","has-post-thumbnail","hentry"],"_links":{"self":[{"href":"https:\/\/trema.hr\/index.php?rest_route=\/wp\/v2\/pages\/1420","targetHints":{"allow":["GET"]}}],"collection":[{"href":"https:\/\/trema.hr\/index.php?rest_route=\/wp\/v2\/pages"}],"about":[{"href":"https:\/\/trema.hr\/index.php?rest_route=\/wp\/v2\/types\/page"}],"author":[{"embeddable":true,"href":"https:\/\/trema.hr\/index.php?rest_route=\/wp\/v2\/users\/1"}],"replies":[{"embeddable":true,"href":"https:\/\/trema.hr\/index.php?rest_route=%2Fwp%2Fv2%2Fcomments&post=1420"}],"version-history":[{"count":0,"href":"https:\/\/trema.hr\/index.php?rest_route=\/wp\/v2\/pages\/1420\/revisions"}],"up":[{"embeddable":true,"href":"https:\/\/trema.hr\/index.php?rest_route=\/wp\/v2\/pages\/1660"}],"wp:featuredmedia":[{"embeddable":true,"href":"https:\/\/trema.hr\/index.php?rest_route=\/wp\/v2\/media\/4507"}],"wp:attachment":[{"href":"https:\/\/trema.hr\/index.php?rest_route=%2Fwp%2Fv2%2Fmedia&parent=1420"}],"curies":[{"name":"wp","href":"https:\/\/api.w.org\/{rel}","templated":true}]}}