{"id":1396,"date":"2020-04-28T08:41:19","date_gmt":"2020-04-28T06:41:19","guid":{"rendered":"https:\/\/trema.hr\/?page_id=1396"},"modified":"2025-12-12T08:33:54","modified_gmt":"2025-12-12T07:33:54","slug":"izvannastavne-aktivnosti","status":"publish","type":"page","link":"https:\/\/trema.hr\/?page_id=1396","title":{"rendered":"Izvannastavne aktivnosti"},"content":{"rendered":"\n<p class=\"has-black-color has-white-background-color has-text-color has-background has-medium-font-size\"><a href=\"https:\/\/trema.hr\/?page_id=4712\"><strong>VOLONTERSKA AKCIJA PO\u0160UMLJAVANJA U SKLOPU PROJEKTA BORANKA<\/strong><\/a><\/p>\n\n\n\n<p class=\"has-black-color has-white-background-color has-text-color has-background has-medium-font-size\"><a href=\"https:\/\/trema.hr\/?page_id=1346\"><strong>Humanitarne akcije<\/strong><\/a><\/p>\n\n\n\n<p class=\"has-black-color has-white-background-color has-text-color has-background has-medium-font-size\"><a href=\"https:\/\/trema.hr\/?page_id=1401\"><strong>Obilje\u017eavanje va\u017enih datuma<\/strong><\/a><\/p>\n\n\n\n<p class=\"has-black-color has-white-background-color has-text-color has-background has-medium-font-size\"><a href=\"https:\/\/trema.hr\/?page_id=1399\"><strong>\u0160kolski klubovi<\/strong><\/a><\/p>\n\n\n\n<p class=\"has-black-color has-white-background-color has-text-color has-background has-medium-font-size\"><a href=\"https:\/\/trema.hr\/?page_id=100\"><strong>Prirodoslovna zbirka<\/strong><\/a><\/p>\n\n\n\n<p class=\"has-black-color has-white-background-color has-text-color has-background has-medium-font-size\"><a href=\"https:\/\/trema.hr\/?page_id=1420\"><strong>\u0160kolski list Trema<\/strong><\/a><\/p>\n","protected":false},"excerpt":{"rendered":"<p>VOLONTERSKA AKCIJA PO\u0160UMLJAVANJA U SKLOPU PROJEKTA BORANKA Humanitarne akcije Obilje\u017eavanje va\u017enih datuma \u0160kolski klubovi Prirodoslovna zbirka \u0160kolski list Trema<\/p>\n","protected":false},"author":1,"featured_media":525,"parent":0,"menu_order":0,"comment_status":"closed","ping_status":"closed","template":"","meta":{"footnotes":""},"class_list":["post-1396","page","type-page","status-publish","has-post-thumbnail","hentry"],"_links":{"self":[{"href":"https:\/\/trema.hr\/index.php?rest_route=\/wp\/v2\/pages\/1396","targetHints":{"allow":["GET"]}}],"collection":[{"href":"https:\/\/trema.hr\/index.php?rest_route=\/wp\/v2\/pages"}],"about":[{"href":"https:\/\/trema.hr\/index.php?rest_route=\/wp\/v2\/types\/page"}],"author":[{"embeddable":true,"href":"https:\/\/trema.hr\/index.php?rest_route=\/wp\/v2\/users\/1"}],"replies":[{"embeddable":true,"href":"https:\/\/trema.hr\/index.php?rest_route=%2Fwp%2Fv2%2Fcomments&post=1396"}],"version-history":[{"count":2,"href":"https:\/\/trema.hr\/index.php?rest_route=\/wp\/v2\/pages\/1396\/revisions"}],"predecessor-version":[{"id":8594,"href":"https:\/\/trema.hr\/index.php?rest_route=\/wp\/v2\/pages\/1396\/revisions\/8594"}],"wp:featuredmedia":[{"embeddable":true,"href":"https:\/\/trema.hr\/index.php?rest_route=\/wp\/v2\/media\/525"}],"wp:attachment":[{"href":"https:\/\/trema.hr\/index.php?rest_route=%2Fwp%2Fv2%2Fmedia&parent=1396"}],"curies":[{"name":"wp","href":"https:\/\/api.w.org\/{rel}","templated":true}]}}