{"id":1328,"date":"2020-04-23T10:48:32","date_gmt":"2020-04-23T08:48:32","guid":{"rendered":"https:\/\/trema.hr\/?page_id=1328"},"modified":"2025-12-12T08:38:54","modified_gmt":"2025-12-12T07:38:54","slug":"povijest-skole","status":"publish","type":"page","link":"https:\/\/trema.hr\/?page_id=1328","title":{"rendered":"Povijest \u0161kole"},"content":{"rendered":"<p>O po\u010decima:<\/p>\n<p>Tre\u0107a ( III. ) gimnazija u Splitu osnovana je 17. rujna 1992. godine. Ova je \u0161kola do tada djelovala pod nazivom Matemati\u010dko informati\u010dki obrazovni centar \u2013 MIOC, koji je nastao u okviru Graditeljskog \u0161kolskog centra &#8220;\u0106iro Gamulin&#8221; 1978. godine, kao dvogodi\u0161nji program za 3. i 4. razrede. Nakon zavr\u0161ene pripremne faze u trajanju od dvije godine, u\u010denici nadareni za matemati\u010dka i informati\u010dka podru\u010dja birali su ovaj program, prepoznav\u0161i ga kao izuzetno jak i suvremen, u skladu s europskim standardima. Novom mre\u017eom \u0161kola u rujnu 1986. godine usustavljuje se MIOC kao samostalna \u010detverogodi\u0161nja \u0161kola sa sjedi\u0161tem u Teslinoj 10, u prostorima biv\u0161e gimnazije &#8220;\u0106iro Gamulin&#8221; . &#8220;Povratkom&#8221; gimnazija u sustav srednjo\u0161kolskog obrazovanja 1992. godine, MIOC postaje gimnazija prirodoslovno \u2013 matemati\u010dkog programa i seli se u novi prostor na dana\u0161njoj adresi. Od 1993. godine \u0161kola nosi slu\u017ebeni naziv III. gimnazija, Split.<\/p>\n<h4>Ravnatelji:<\/h4>\n<ul>\n<li>prof. Grozdana Plei\u0107, 1986. \u20131990.<\/li>\n<li>prof. Antica Lovri\u0107, 1990. \u2013 1994.<\/li>\n<li>prof. Ante Tucak, 1994. \u2013 2000.<\/li>\n<li>prof. Mirjana Matijevi\u0107, 2000. &#8211; 2018.<\/li>\n<li>prof. Deana Bok\u0161i\u0107, 2018. &#8211;<\/li>\n<\/ul>\n","protected":false},"excerpt":{"rendered":"<p>Tre\u0107a ( III. ) gimnazija u Splitu osnovana je 17. rujna 1992. godine. Ova je \u0161kola do tada djelovala pod nazivom Matemati\u010dko informati\u010dki obrazovni centar \u2013 MIOC<\/p>\n","protected":false},"author":1,"featured_media":0,"parent":60,"menu_order":0,"comment_status":"closed","ping_status":"closed","template":"","meta":{"footnotes":""},"class_list":["post-1328","page","type-page","status-publish","hentry"],"_links":{"self":[{"href":"https:\/\/trema.hr\/index.php?rest_route=\/wp\/v2\/pages\/1328","targetHints":{"allow":["GET"]}}],"collection":[{"href":"https:\/\/trema.hr\/index.php?rest_route=\/wp\/v2\/pages"}],"about":[{"href":"https:\/\/trema.hr\/index.php?rest_route=\/wp\/v2\/types\/page"}],"author":[{"embeddable":true,"href":"https:\/\/trema.hr\/index.php?rest_route=\/wp\/v2\/users\/1"}],"replies":[{"embeddable":true,"href":"https:\/\/trema.hr\/index.php?rest_route=%2Fwp%2Fv2%2Fcomments&post=1328"}],"version-history":[{"count":1,"href":"https:\/\/trema.hr\/index.php?rest_route=\/wp\/v2\/pages\/1328\/revisions"}],"predecessor-version":[{"id":9355,"href":"https:\/\/trema.hr\/index.php?rest_route=\/wp\/v2\/pages\/1328\/revisions\/9355"}],"up":[{"embeddable":true,"href":"https:\/\/trema.hr\/index.php?rest_route=\/wp\/v2\/pages\/60"}],"wp:attachment":[{"href":"https:\/\/trema.hr\/index.php?rest_route=%2Fwp%2Fv2%2Fmedia&parent=1328"}],"curies":[{"name":"wp","href":"https:\/\/api.w.org\/{rel}","templated":true}]}}