{"id":1269,"date":"2020-04-02T15:23:54","date_gmt":"2020-04-02T13:23:54","guid":{"rendered":"https:\/\/trema.hr\/?page_id=1269"},"modified":"2020-04-02T15:23:54","modified_gmt":"2020-04-02T13:23:54","slug":"lektira","status":"publish","type":"page","link":"https:\/\/trema.hr\/?page_id=1269","title":{"rendered":"Lektira"},"content":{"rendered":"<p><span style=\"font-family: Times New Roman, serif;\"><span style=\"font-size: medium;\"><b>Biblija <\/b><\/span><\/span><span style=\"color: #0000ff;\"><u><a href=\"https:\/\/biblija.ks.hr\/\"><span style=\"font-family: Times New Roman, serif;\"><span style=\"font-size: medium;\"><b>https:\/\/biblija.ks.hr\/<\/b><\/span><\/span><\/a><\/u><\/span><\/p>\n<p><span style=\"font-family: Century, serif;\"><span style=\"font-size: medium;\"><b>eLektire.skole.hr <\/b><\/span><\/span><span style=\"color: #0000ff;\"><u><a href=\"https:\/\/lektire.skole.hr\/\"><span style=\"font-family: Century, serif;\"><span style=\"font-size: medium;\"><b>https:\/\/lektire.skole.hr\/<\/b><\/span><\/span><\/a><\/u><\/span><\/p>\n<p><span style=\"font-size: medium;\">Na navedenoj mre\u017enoj stranici mo\u017eete prona\u0107i cjelovita i digitalizirana djela hrvatskih i stranih autora. Omogu\u0107en je pregled abecednim i kronolo\u0161kim redom. Pregledajte i audio te video zapise.<\/span><\/p>\n<p><span style=\"font-size: medium;\">Popis lektirnih naslova za srednju \u0161kolu: <\/span><span style=\"color: #0000ff;\"><u><a href=\"https:\/\/lektire.skole.hr\/lektire-srednja-skola\"><span style=\"font-family: Century, serif;\"><span style=\"font-size: medium;\"><b>https:\/\/lektire.skole.hr\/lektire-srednja-skola<\/b><\/span><\/span><\/a><\/u><\/span><\/p>\n<p><span style=\"font-size: medium;\">Dostupnu digitaliziranu lektirnu gra\u0111u mo\u017eete provjeriti i na: <\/span><\/p>\n<p><span style=\"font-family: Century, serif;\"><span style=\"font-size: medium;\"><b>HRlektire.co <\/b><\/span><\/span><span style=\"color: #0000ff;\"><u><a href=\"http:\/\/www.hrlektire.com\/\"><span style=\"font-family: Century, serif;\"><span style=\"font-size: medium;\"><b>http:\/\/www.hrlektire.com\/<\/b><\/span><\/span><\/a><\/u><\/span><\/p>\n","protected":false},"excerpt":{"rendered":"<p>Biblija https:\/\/biblija.ks.hr\/ eLektire.skole.hr https:\/\/lektire.skole.hr\/ Na navedenoj mre\u017enoj stranici mo\u017eete prona\u0107i cjelovita i digitalizirana djela hrvatskih i stranih autora. Omogu\u0107en je pregled abecednim i kronolo\u0161kim redom. Pregledajte i audio te video zapise. Popis lektirnih naslova za srednju \u0161kolu: https:\/\/lektire.skole.hr\/lektire-srednja-skola Dostupnu digitaliziranu lektirnu gra\u0111u mo\u017eete provjeriti i na: HRlektire.co http:\/\/www.hrlektire.com\/<\/p>\n","protected":false},"author":1,"featured_media":0,"parent":1243,"menu_order":0,"comment_status":"closed","ping_status":"closed","template":"","meta":{"footnotes":""},"class_list":["post-1269","page","type-page","status-publish","hentry"],"_links":{"self":[{"href":"https:\/\/trema.hr\/index.php?rest_route=\/wp\/v2\/pages\/1269","targetHints":{"allow":["GET"]}}],"collection":[{"href":"https:\/\/trema.hr\/index.php?rest_route=\/wp\/v2\/pages"}],"about":[{"href":"https:\/\/trema.hr\/index.php?rest_route=\/wp\/v2\/types\/page"}],"author":[{"embeddable":true,"href":"https:\/\/trema.hr\/index.php?rest_route=\/wp\/v2\/users\/1"}],"replies":[{"embeddable":true,"href":"https:\/\/trema.hr\/index.php?rest_route=%2Fwp%2Fv2%2Fcomments&post=1269"}],"version-history":[{"count":0,"href":"https:\/\/trema.hr\/index.php?rest_route=\/wp\/v2\/pages\/1269\/revisions"}],"up":[{"embeddable":true,"href":"https:\/\/trema.hr\/index.php?rest_route=\/wp\/v2\/pages\/1243"}],"wp:attachment":[{"href":"https:\/\/trema.hr\/index.php?rest_route=%2Fwp%2Fv2%2Fmedia&parent=1269"}],"curies":[{"name":"wp","href":"https:\/\/api.w.org\/{rel}","templated":true}]}}